{"id":3873,"date":"2020-05-31T00:37:33","date_gmt":"2020-05-31T00:37:33","guid":{"rendered":"https:\/\/greenyellow-okapi-692508.hostingersite.com\/index\/?page_id=3873"},"modified":"2020-05-31T02:25:54","modified_gmt":"2020-05-31T02:25:54","slug":"venta-manguera-difusora-microporosa-caireacion-camaron-tilapia","status":"publish","type":"page","link":"https:\/\/tilapiacenter.com\/index\/venta-manguera-difusora-microporosa-caireacion-camaron-tilapia\/","title":{"rendered":"Venta manguera difusora microporosa para aireaci\u00f3n de camar\u00f3n, tilapia y aguas residuales"},"content":{"rendered":"<p>[vc_row][vc_column][vc_single_image image=&#8221;3884&#8243; img_size=&#8221;full&#8221; alignment=&#8221;center&#8221; parallax_scroll=&#8221;no&#8221;][\/vc_column][\/vc_row][vc_row][vc_column width=&#8221;1\/2&#8243;][vc_single_image image=&#8221;3877&#8243; img_size=&#8221;full&#8221; alignment=&#8221;center&#8221; parallax_scroll=&#8221;no&#8221;][\/vc_column][vc_column width=&#8221;1\/2&#8243;]\t\t\t<div class=\"info-box-wrapper \">\n\t\t\t\t<div id=\"wd-5ed3153fb9fe9\" class=\" woodmart-info-box text-left box-icon-align-top box-style- color-scheme- woodmart-bg-none box-title-default \"  >\n\t\t\t\t\t\t\t\t\t\t<div class=\"info-box-content\">\n\t\t\t\t\t\t<h4 class=\"info-box-title woodmart-font-weight- box-title-style-default\">Venta manguera difusora microporosa de aireaci\u00f3n de piscinas y tanques de camar\u00f3n y tilapia<\/h4>\t\t\t\t\t\t<div class=\"info-box-inner reset-mb-10\">\n\t\t\t\t\t\t\t<p>Venta manguera difusora microporosa de aireaci\u00f3n, lo cual\u00a0 esta siendo utilizado en una amplia gama de especies y sistemas de producci\u00f3n acuicola, como <a href=\"https:\/\/greenyellow-okapi-692508.hostingersite.com\/index\/inversion-cultivo-camaron-tilapia-ras-biofloc-full-equipo\/\">cultivo de camar\u00f3n, tilapia<\/a>, y a su vez contribuye al aprovechamiento del trabajo del blower. La manguera difusora reduce el requerimiento de grandes potencias de equipos aireadores.<\/p>\n<p>La manguera difusora\u00a0 de aireaci\u00f3n trabaja en conjunto con el blower aireador , de esta forma el aire se transforma en microburbujas, que se mezclan f\u00e1cilmente en el agua, debido a que las burbujas peque\u00f1as permanecen m\u00e1s tiempo en el agua, que las burbujas grandes.<\/p>\n<p>La historia comienza cuando salieron las primeras <a href=\"http:\/\/www.coloriteaerationtubing.com\/spanish\/aquacult_pages\/aquaculture_raceways.htm\">mangueras de aerotube<\/a>, y hoy en d\u00eda ya es muy com\u00fan su utilizaci\u00f3n, en reemplazo de las piedras difurosas o discos difusores<\/p>\n\t\t\t\t\t\t<\/div>\n\n\t\t\t\t\t\t\t\t\t\t\t\t\n\t\t\t\t\t<\/div>\n\n\t\t\t\t\t\t\t\t\t<\/div>\n\t\t\t<\/div>\n\t\t[\/vc_column][\/vc_row][vc_row][vc_column width=&#8221;1\/2&#8243;]\t\t\t<div class=\"info-box-wrapper \">\n\t\t\t\t<div id=\"wd-5ed2f9a0527dc\" class=\" woodmart-info-box text-left box-icon-align-top box-style- color-scheme- woodmart-bg-none box-title-default \"  >\n\t\t\t\t\t\t\t\t\t\t<div class=\"info-box-content\">\n\t\t\t\t\t\t<h4 class=\"info-box-title woodmart-font-weight- box-title-style-default\">VENTAJAS DE LA MANGUERA DIFUSORA PARA AIREACI\u00d3N CON BLOWER<\/h4>\t\t\t\t\t\t<div class=\"info-box-inner reset-mb-10\">\n\t\t\t\t\t\t\t<p>-Reducci\u00f3n de los costos de energ\u00eda de hasta un 75%<\/p>\n<p>-Carencia de piezas m\u00f3viles por lo cual hay bajo mantenimiento -Mantiene altos niveles de ox\u00edgeno disuelto (DO)<\/p>\n<p>-Permite altas densidades de siembra<\/p>\n<p>-Posibilidad de incrementar los niveles de alimentaci\u00f3n -Posibilidad de alimentar m\u00e1s frecuentemente<\/p>\n<p>-Crecimiento m\u00e1s r\u00e1pido y menor Factor de Conversi\u00f3n Alimenticia -Bajo costo de inversi\u00f3n inicial -Bajo costo de reemplazo<\/p>\n\t\t\t\t\t\t<\/div>\n\n\t\t\t\t\t\t\t\t\t\t\t\t\n\t\t\t\t\t<\/div>\n\n\t\t\t\t\t\t\t\t\t<\/div>\n\t\t\t<\/div>\n\t\t[\/vc_column][vc_column width=&#8221;1\/2&#8243;][vc_single_image image=&#8221;3876&#8243; img_size=&#8221;full&#8221; alignment=&#8221;center&#8221; parallax_scroll=&#8221;no&#8221;][\/vc_column][\/vc_row][vc_row][vc_column]\t\t\t<div class=\"info-box-wrapper \">\n\t\t\t\t<div id=\"wd-5ed2fa17994dc\" class=\" woodmart-info-box text-left box-icon-align-top box-style- color-scheme- woodmart-bg-none box-title-default \"  >\n\t\t\t\t\t\t\t\t\t\t<div class=\"info-box-content\">\n\t\t\t\t\t\t<h4 class=\"info-box-title woodmart-font-weight- box-title-style-default\">VENTAJAS DE LA MANGUERA DIFUSORA PARA AIREACI\u00d3N CON BLOWER<\/h4>\t\t\t\t\t\t<div class=\"info-box-inner reset-mb-10\">\n\t\t\t\t\t\t\t<\/p>\n<p class=\"\">ADQUIERA la\u00a0 mangueras difusora microporosa, que son el complemento para sacarle provecho a un aireador blower para acuicultura intensiva o tratamiento de aguas residuales.<\/p>\n<p class=\"\">Las mangueras difusoras poseen poros muy diminutos, haciendo que se mezcle f\u00e1cilmente el agua con el aire y de esta manera dure m\u00e1s tiempo el ox\u00edgeno en el agua, y puedan ser aprovechados por los animales de cultivo<\/p>\n<p class=\"\"><strong>Servicio de entrega para todo el Ecuador, al siguiente d\u00eda recibe su compra. Se env\u00eda por transporte de encomiendas<\/strong><\/p>\n<p>\n\t\t\t\t\t\t<\/div>\n\n\t\t\t\t\t\t\t\t\t\t\t\t\n\t\t\t\t\t<\/div>\n\n\t\t\t\t\t\t\t\t\t<\/div>\n\t\t\t<\/div>\n\t\t[vc_single_image image=&#8221;3878&#8243; img_size=&#8221;full&#8221; alignment=&#8221;center&#8221; parallax_scroll=&#8221;no&#8221;][\/vc_column][\/vc_row][vc_row][vc_column][vc_cta h2=&#8221;Pida hoy mismo la manguera difusora a nuestro contacto&#8221; h4=&#8221;Whatsapp 099-4185675&#8243; txt_align=&#8221;center&#8221; style=&#8221;3d&#8221; color=&#8221;green&#8221; css=&#8221;.vc_custom_1590885260281{background-color: #57929b !important;}&#8221;]Pregunte las disponibilidad del equipo que usted necesita.[\/vc_cta][\/vc_column][\/vc_row]<\/p>\n","protected":false},"excerpt":{"rendered":"<p>[vc_row][vc_column][vc_single_image image=&#8221;3884&#8243; img_size=&#8221;full&#8221; alignment=&#8221;center&#8221; parallax_scroll=&#8221;no&#8221;][\/vc_column][\/vc_row][vc_row][vc_column width=&#8221;1\/2&#8243;][vc_single_image image=&#8221;3877&#8243; img_size=&#8221;full&#8221; alignment=&#8221;center&#8221; parallax_scroll=&#8221;no&#8221;][\/vc_column][vc_column width=&#8221;1\/2&#8243;][\/vc_column][\/vc_row][vc_row][vc_column width=&#8221;1\/2&#8243;][\/vc_column][vc_column width=&#8221;1\/2&#8243;][vc_single_image image=&#8221;3876&#8243; img_size=&#8221;full&#8221; alignment=&#8221;center&#8221; parallax_scroll=&#8221;no&#8221;][\/vc_column][\/vc_row][vc_row][vc_column][vc_single_image image=&#8221;3878&#8243; img_size=&#8221;full&#8221; alignment=&#8221;center&#8221;<\/p>\n","protected":false},"author":1,"featured_media":3877,"parent":0,"menu_order":0,"comment_status":"closed","ping_status":"closed","template":"","meta":{"_monsterinsights_skip_tracking":false,"_monsterinsights_sitenote_active":false,"_monsterinsights_sitenote_note":"","_monsterinsights_sitenote_category":0,"spay_email":"","footnotes":""},"categories":[370],"tags":[67,297,374,377,376,316,305,373,375,72,66],"class_list":["post-3873","page","type-page","status-publish","has-post-thumbnail","hentry","category-equipos-de-acuicultura-para-camaron-tilapia-trucha","tag-camaron","tag-cultivo","tag-difusora","tag-difusores","tag-discos","tag-guayaquil","tag-machala","tag-manguera","tag-microporosa","tag-ras","tag-tilapia"],"yoast_head":"<!-- This site is optimized with the Yoast SEO plugin v18.6 - https:\/\/yoast.com\/wordpress\/plugins\/seo\/ -->\n<title>Venta manguera difusora microporosa para aireaci\u00f3n de camar\u00f3n, tilapia<\/title>\n<meta name=\"description\" content=\"Venta manguera difusora microporosa para aireaci\u00f3n de camar\u00f3n, tilapia, el complemento para usar equipos blower m\u00e1s peque\u00f1os, que rinde aireaci\u00f3n suficiente\" \/>\n<meta name=\"robots\" content=\"index, follow, max-snippet:-1, max-image-preview:large, max-video-preview:-1\" \/>\n<link rel=\"canonical\" href=\"https:\/\/tilapiacenter.com\/index\/venta-manguera-difusora-microporosa-caireacion-camaron-tilapia\/\" \/>\n<meta property=\"og:locale\" content=\"es_ES\" \/>\n<meta property=\"og:type\" content=\"article\" \/>\n<meta property=\"og:title\" content=\"Venta manguera difusora microporosa para aireaci\u00f3n de camar\u00f3n, tilapia\" \/>\n<meta property=\"og:description\" content=\"Venta manguera difusora microporosa para aireaci\u00f3n de camar\u00f3n, tilapia, el complemento para usar equipos blower m\u00e1s peque\u00f1os, que rinde aireaci\u00f3n suficiente\" \/>\n<meta property=\"og:url\" content=\"https:\/\/tilapiacenter.com\/index\/venta-manguera-difusora-microporosa-caireacion-camaron-tilapia\/\" \/>\n<meta property=\"og:site_name\" content=\"TILAPIACENTER- Acuicultura Controlada\" \/>\n<meta property=\"article:publisher\" content=\"https:\/\/www.facebook.com\/tilapiacenterecuador\/\" \/>\n<meta property=\"article:modified_time\" content=\"2020-05-31T02:25:54+00:00\" \/>\n<meta property=\"og:image\" content=\"https:\/\/i0.wp.com\/tilapiacenter.com\/index\/wp-content\/uploads\/2020\/05\/MAN1.gif?fit=407%2C314&#038;ssl=1\" \/>\n\t<meta property=\"og:image:width\" content=\"407\" \/>\n\t<meta property=\"og:image:height\" content=\"314\" \/>\n\t<meta property=\"og:image:type\" content=\"image\/gif\" \/>\n<meta name=\"twitter:card\" content=\"summary_large_image\" \/>\n<meta name=\"twitter:site\" content=\"@tilapiacenter\" \/>\n<meta name=\"twitter:label1\" content=\"Tiempo de lectura\" \/>\n\t<meta name=\"twitter:data1\" content=\"3 minutos\" \/>\n<script type=\"application\/ld+json\" class=\"yoast-schema-graph\">{\"@context\":\"https:\/\/schema.org\",\"@graph\":[{\"@type\":\"WebSite\",\"@id\":\"https:\/\/tilapiacenter.com\/index\/#website\",\"url\":\"https:\/\/tilapiacenter.com\/index\/\",\"name\":\"TILAPIACENTER- Acuicultura Controlada\",\"description\":\"Equipos, Tecnolog\u00eda, asesor\u00eda y cursos en acuicultura tecnificada, para sistemas RAS y BIOFLOC, en el cultivo de camaron, tilapia, trucha en tanques en geomembrana.\",\"potentialAction\":[{\"@type\":\"SearchAction\",\"target\":{\"@type\":\"EntryPoint\",\"urlTemplate\":\"https:\/\/tilapiacenter.com\/index\/?s={search_term_string}\"},\"query-input\":\"required name=search_term_string\"}],\"inLanguage\":\"es\"},{\"@type\":\"ImageObject\",\"@id\":\"https:\/\/tilapiacenter.com\/index\/venta-manguera-difusora-microporosa-caireacion-camaron-tilapia\/#primaryimage\",\"inLanguage\":\"es\",\"url\":\"https:\/\/i0.wp.com\/tilapiacenter.com\/index\/wp-content\/uploads\/2020\/05\/MAN1.gif?fit=407%2C314&ssl=1\",\"contentUrl\":\"https:\/\/i0.wp.com\/tilapiacenter.com\/index\/wp-content\/uploads\/2020\/05\/MAN1.gif?fit=407%2C314&ssl=1\",\"width\":407,\"height\":314,\"caption\":\"venta manguera difusora microporosa\"},{\"@type\":\"WebPage\",\"@id\":\"https:\/\/tilapiacenter.com\/index\/venta-manguera-difusora-microporosa-caireacion-camaron-tilapia\/#webpage\",\"url\":\"https:\/\/tilapiacenter.com\/index\/venta-manguera-difusora-microporosa-caireacion-camaron-tilapia\/\",\"name\":\"Venta manguera difusora microporosa para aireaci\u00f3n de camar\u00f3n, tilapia\",\"isPartOf\":{\"@id\":\"https:\/\/tilapiacenter.com\/index\/#website\"},\"primaryImageOfPage\":{\"@id\":\"https:\/\/tilapiacenter.com\/index\/venta-manguera-difusora-microporosa-caireacion-camaron-tilapia\/#primaryimage\"},\"datePublished\":\"2020-05-31T00:37:33+00:00\",\"dateModified\":\"2020-05-31T02:25:54+00:00\",\"description\":\"Venta manguera difusora microporosa para aireaci\u00f3n de camar\u00f3n, tilapia, el complemento para usar equipos blower m\u00e1s peque\u00f1os, que rinde aireaci\u00f3n suficiente\",\"breadcrumb\":{\"@id\":\"https:\/\/tilapiacenter.com\/index\/venta-manguera-difusora-microporosa-caireacion-camaron-tilapia\/#breadcrumb\"},\"inLanguage\":\"es\",\"potentialAction\":[{\"@type\":\"ReadAction\",\"target\":[\"https:\/\/tilapiacenter.com\/index\/venta-manguera-difusora-microporosa-caireacion-camaron-tilapia\/\"]}]},{\"@type\":\"BreadcrumbList\",\"@id\":\"https:\/\/tilapiacenter.com\/index\/venta-manguera-difusora-microporosa-caireacion-camaron-tilapia\/#breadcrumb\",\"itemListElement\":[{\"@type\":\"ListItem\",\"position\":1,\"name\":\"Portada\",\"item\":\"https:\/\/tilapiacenter.com\/index\/\"},{\"@type\":\"ListItem\",\"position\":2,\"name\":\"Venta manguera difusora microporosa para aireaci\u00f3n de camar\u00f3n, tilapia y aguas residuales\"}]}]}<\/script>\n<!-- \/ Yoast SEO plugin. -->","yoast_head_json":{"title":"Venta manguera difusora microporosa para aireaci\u00f3n de camar\u00f3n, tilapia","description":"Venta manguera difusora microporosa para aireaci\u00f3n de camar\u00f3n, tilapia, el complemento para usar equipos blower m\u00e1s peque\u00f1os, que rinde aireaci\u00f3n suficiente","robots":{"index":"index","follow":"follow","max-snippet":"max-snippet:-1","max-image-preview":"max-image-preview:large","max-video-preview":"max-video-preview:-1"},"canonical":"https:\/\/tilapiacenter.com\/index\/venta-manguera-difusora-microporosa-caireacion-camaron-tilapia\/","og_locale":"es_ES","og_type":"article","og_title":"Venta manguera difusora microporosa para aireaci\u00f3n de camar\u00f3n, tilapia","og_description":"Venta manguera difusora microporosa para aireaci\u00f3n de camar\u00f3n, tilapia, el complemento para usar equipos blower m\u00e1s peque\u00f1os, que rinde aireaci\u00f3n suficiente","og_url":"https:\/\/tilapiacenter.com\/index\/venta-manguera-difusora-microporosa-caireacion-camaron-tilapia\/","og_site_name":"TILAPIACENTER- Acuicultura Controlada","article_publisher":"https:\/\/www.facebook.com\/tilapiacenterecuador\/","article_modified_time":"2020-05-31T02:25:54+00:00","og_image":[{"width":407,"height":314,"url":"https:\/\/i0.wp.com\/tilapiacenter.com\/index\/wp-content\/uploads\/2020\/05\/MAN1.gif?fit=407%2C314&ssl=1","type":"image\/gif"}],"twitter_card":"summary_large_image","twitter_site":"@tilapiacenter","twitter_misc":{"Tiempo de lectura":"3 minutos"},"schema":{"@context":"https:\/\/schema.org","@graph":[{"@type":"WebSite","@id":"https:\/\/tilapiacenter.com\/index\/#website","url":"https:\/\/tilapiacenter.com\/index\/","name":"TILAPIACENTER- Acuicultura Controlada","description":"Equipos, Tecnolog\u00eda, asesor\u00eda y cursos en acuicultura tecnificada, para sistemas RAS y BIOFLOC, en el cultivo de camaron, tilapia, trucha en tanques en geomembrana.","potentialAction":[{"@type":"SearchAction","target":{"@type":"EntryPoint","urlTemplate":"https:\/\/tilapiacenter.com\/index\/?s={search_term_string}"},"query-input":"required name=search_term_string"}],"inLanguage":"es"},{"@type":"ImageObject","@id":"https:\/\/tilapiacenter.com\/index\/venta-manguera-difusora-microporosa-caireacion-camaron-tilapia\/#primaryimage","inLanguage":"es","url":"https:\/\/i0.wp.com\/tilapiacenter.com\/index\/wp-content\/uploads\/2020\/05\/MAN1.gif?fit=407%2C314&ssl=1","contentUrl":"https:\/\/i0.wp.com\/tilapiacenter.com\/index\/wp-content\/uploads\/2020\/05\/MAN1.gif?fit=407%2C314&ssl=1","width":407,"height":314,"caption":"venta manguera difusora microporosa"},{"@type":"WebPage","@id":"https:\/\/tilapiacenter.com\/index\/venta-manguera-difusora-microporosa-caireacion-camaron-tilapia\/#webpage","url":"https:\/\/tilapiacenter.com\/index\/venta-manguera-difusora-microporosa-caireacion-camaron-tilapia\/","name":"Venta manguera difusora microporosa para aireaci\u00f3n de camar\u00f3n, tilapia","isPartOf":{"@id":"https:\/\/tilapiacenter.com\/index\/#website"},"primaryImageOfPage":{"@id":"https:\/\/tilapiacenter.com\/index\/venta-manguera-difusora-microporosa-caireacion-camaron-tilapia\/#primaryimage"},"datePublished":"2020-05-31T00:37:33+00:00","dateModified":"2020-05-31T02:25:54+00:00","description":"Venta manguera difusora microporosa para aireaci\u00f3n de camar\u00f3n, tilapia, el complemento para usar equipos blower m\u00e1s peque\u00f1os, que rinde aireaci\u00f3n suficiente","breadcrumb":{"@id":"https:\/\/tilapiacenter.com\/index\/venta-manguera-difusora-microporosa-caireacion-camaron-tilapia\/#breadcrumb"},"inLanguage":"es","potentialAction":[{"@type":"ReadAction","target":["https:\/\/tilapiacenter.com\/index\/venta-manguera-difusora-microporosa-caireacion-camaron-tilapia\/"]}]},{"@type":"BreadcrumbList","@id":"https:\/\/tilapiacenter.com\/index\/venta-manguera-difusora-microporosa-caireacion-camaron-tilapia\/#breadcrumb","itemListElement":[{"@type":"ListItem","position":1,"name":"Portada","item":"https:\/\/tilapiacenter.com\/index\/"},{"@type":"ListItem","position":2,"name":"Venta manguera difusora microporosa para aireaci\u00f3n de camar\u00f3n, tilapia y aguas residuales"}]}]}},"jetpack_sharing_enabled":true,"jetpack_likes_enabled":true,"jetpack-related-posts":[{"id":3434,"url":"https:\/\/tilapiacenter.com\/index\/instalacion-tanques-geomembrana-tilapia-camaron-bolivia\/","url_meta":{"origin":3873,"position":0},"title":"Instalaci\u00f3n M\u00f3dulo TILAP 14D en Santa Cruz &#8211; Bolivia 2016","date":"22 de mayo de 2020","format":false,"excerpt":"[vc_row][vc_column][vc_column_text text_larger=\"no\"]Desde Ecuador, hacia\u00a0 Santa Cruz de La Sierra (Bolivia), tuvimos la oportunidad de instalar m\u00f3dulos a gran escala, que consta de tanques de cultivo para tilapia, sistema de aireaci\u00f3n, sistema RAS , y sistema de calefacci\u00f3n del agua. Este trabajo fue muy completo, que se desarroll\u00f3 con personal t\u00e9cnico\u2026","rel":"","context":"En \u00abCASOS DE EXITO (Pg)\u00bb","img":{"alt_text":"Tanques para cultivo de tilapia camar\u00f3n sistema intensivo Tilapiacenter","src":"https:\/\/i0.wp.com\/tilapiacenter.com\/index\/wp-content\/uploads\/2020\/05\/Bolivia-sistema-RAS-3.jpg?fit=800%2C600&ssl=1&resize=350%2C200","width":350,"height":200},"classes":[]},{"id":3636,"url":"https:\/\/tilapiacenter.com\/index\/modulo-familiar-basico-cultivo-tilapia-camaron-tanques-geomembrana\/","url_meta":{"origin":3873,"position":1},"title":"M\u00f3dulos Tilmaron FAMILIAR \/ B\u00c1SICO para cultivo camar\u00f3n\/tilapia en tanques en geomembrana","date":"27 de mayo de 2020","format":false,"excerpt":"[vc_row][vc_column][vc_single_image image=\"3637\" img_size=\"full\" alignment=\"center\" parallax_scroll=\"no\"][vc_single_image image=\"3490\" img_size=\"full\" alignment=\"center\" parallax_scroll=\"no\"][vc_separator][\/vc_column][\/vc_row][vc_row][vc_column][\/vc_column][\/vc_row][vc_row][vc_column][vc_single_image image=\"4201\" img_size=\"full\" parallax_scroll=\"no\"][\/vc_column][\/vc_row][vc_row][vc_column][\/vc_column][\/vc_row]","rel":"","context":"En \u00abSISTEMAS FAMILIAR BASICOS\u00bb","img":{"alt_text":"Tanque familiar para tilapia intensivo","src":"https:\/\/i0.wp.com\/tilapiacenter.com\/index\/wp-content\/uploads\/2020\/05\/CasosExito-KitFamiliar-StoDgo-3.jpg?fit=800%2C450&ssl=1&resize=350%2C200","width":350,"height":200},"classes":[]},{"id":3275,"url":"https:\/\/tilapiacenter.com\/index\/tilapiacenter-soluciones-de-acuicultura-tecnificada-sistemas-ras\/","url_meta":{"origin":3873,"position":2},"title":"TILAPIACENTER soluciones de acuicultura tecnificada sistemas RAS","date":"14 de mayo de 2020","format":false,"excerpt":"[vc_row full_width=\"stretch_row\" el_class=\"opacity-video-bg\" css=\".vc_custom_1589566857109{margin-bottom: 8vh !important;padding-top: 32vh !important;padding-bottom: 25vh !important;background-image: url(https:\/\/greenyellow-okapi-692508.hostingersite.com\/index\/wp-content\/uploads\/2020\/05\/fondo-QuienesSomos3.jpg?id=3308) !important;background-position: center !important;background-repeat: no-repeat !important;background-size: cover !important;}\" mobile_bg_img_hidden=\"no\" tablet_bg_img_hidden=\"no\" woodmart_parallax=\"0\" woodmart_gradient_switch=\"no\" row_reverse_mobile=\"0\" row_reverse_tablet=\"0\" woodmart_disable_overflow=\"0\"][vc_column css=\".vc_custom_1499517305703{padding-top: 0px !important;}\" el_class=\"text-center\"][vc_custom_heading text=\"TILAPIACENTER S.A SOMOS INNOVACI\u00d3N EN EL AGRO\" font_container=\"tag:h5|font_size:16|text_align:center|color:rgba(255%2C255%2C255%2C0.8)\" use_theme_fonts=\"yes\" css=\".vc_custom_1591664368261{margin-bottom: 10px !important;}\" el_class=\"visible-lg\"][\/vc_column][\/vc_row][vc_row css=\".vc_custom_1499600383384{margin-bottom: 8vh !important;}\"][vc_column offset=\"vc_col-lg-offset-2 vc_col-lg-8 vc_col-md-offset-2 vc_col-md-8 vc_col-sm-offset-0\"\u2026","rel":"","context":"En \u00abQUIENES SOMOS (pg)\u00bb","img":{"alt_text":"","src":"","width":0,"height":0},"classes":[]},{"id":3608,"url":"https:\/\/tilapiacenter.com\/index\/modelos-inversion-cultivo-camaron-tilapia-ras-biofloc\/","url_meta":{"origin":3873,"position":3},"title":"Modelos inversi\u00f3n  cultivo camar\u00f3n\/tilapia en RAS\/Biofloc. Full Equipo, Llave en mano..","date":"25 de mayo de 2020","format":false,"excerpt":"[vc_row][vc_column][vc_video link=\"https:\/\/www.youtube.com\/watch?v=0JVun1901-g\" image_poster_switch=\"no\"][\/vc_column][\/vc_row][vc_row][vc_column][vc_single_image image=\"3610\" img_size=\"full\" alignment=\"center\" parallax_scroll=\"no\"][vc_single_image image=\"3614\" img_size=\"full\" alignment=\"center\" parallax_scroll=\"no\"][vc_single_image image=\"3619\" img_size=\"full\" alignment=\"center\" parallax_scroll=\"no\"][vc_single_image image=\"3628\" img_size=\"full\" alignment=\"center\" parallax_scroll=\"no\"][vc_single_image image=\"3629\" img_size=\"full\" alignment=\"center\" parallax_scroll=\"no\"][\/vc_column][\/vc_row][vc_row][vc_column][vc_column_text text_larger=\"no\"]Si usted ya ha revisado toda esta informaci\u00f3n, entonces ya puede tomar una decisi\u00f3n, de qu\u00e9 proyecto desea llevar a cabo, y para ello le invitamos a\u2026","rel":"","context":"En \u00abSISTEMAS TILMARON FULL EQUIPO\u00bb","img":{"alt_text":"automatizaci\u00f3n camar\u00f3n tilapia","src":"https:\/\/i0.wp.com\/tilapiacenter.com\/index\/wp-content\/uploads\/2020\/05\/TilmaronPortada1.jpg?fit=1200%2C675&ssl=1&resize=350%2C200","width":350,"height":200},"classes":[]},{"id":3858,"url":"https:\/\/tilapiacenter.com\/index\/blower-aireador-camaron-tilapia-intensivos-guayquil-machala-quito\/","url_meta":{"origin":3873,"position":4},"title":"Blower aireador camar\u00f3n tilapia para cultivos intensivos, en Guayaquil, Machala, Quito","date":"30 de mayo de 2020","format":false,"excerpt":"[vc_row][vc_column][\/vc_column][\/vc_row][vc_row][vc_column width=\"1\/2\"][vc_single_image image=\"3859\" img_size=\"full\" alignment=\"center\" parallax_scroll=\"no\"][\/vc_column][vc_column width=\"1\/2\"][\/vc_column][\/vc_row][vc_row][vc_column][vc_single_image image=\"3861\" img_size=\"full\" parallax_scroll=\"no\"][\/vc_column][\/vc_row][vc_row][vc_column][vc_single_image image=\"3860\" img_size=\"full\" parallax_scroll=\"no\"][\/vc_column][\/vc_row][vc_row][vc_column][vc_single_image image=\"3495\" img_size=\"full\" parallax_scroll=\"no\"][\/vc_column][\/vc_row][vc_row][vc_column][\/vc_column][\/vc_row][vc_row][vc_column][vc_cta h2=\"Pida hoy mismo su equipo Blower a nuestro contacto\" h4=\"Whatsapp 099-4185675\" txt_align=\"center\" style=\"3d\" color=\"green\" css=\".vc_custom_1590874973591{background-color: #57929b !important;}\"]Pregunte las disponibilidad del equipo que usted necesita.[\/vc_cta][\/vc_column][\/vc_row]","rel":"","context":"En \u00abEQUIPOS &amp; ACUICULTURA\u00bb","img":{"alt_text":"Blower aireador camar\u00f3n tilapia","src":"https:\/\/i0.wp.com\/tilapiacenter.com\/index\/wp-content\/uploads\/2020\/05\/blower3.jpg?fit=983%2C592&ssl=1&resize=350%2C200","width":350,"height":200},"classes":[]},{"id":3574,"url":"https:\/\/tilapiacenter.com\/index\/enfoque-inversion-tilmaron-camaron-tilapia\/","url_meta":{"origin":3873,"position":5},"title":"Enfoque de inversi\u00f3n M\u00f3dulos Tilmaron Camar\u00f3n\/Tilapia","date":"24 de mayo de 2020","format":false,"excerpt":"[vc_row][vc_column][vc_single_image image=\"3113\" img_size=\"full\" alignment=\"center\" parallax_scroll=\"no\"][vc_single_image image=\"3578\" img_size=\"full\" alignment=\"center\" parallax_scroll=\"no\"][\/vc_column][\/vc_row][vc_row][vc_column][vc_video link=\"https:\/\/youtu.be\/QjTeVDf1XLU\" title=\"M\u00f3dulos Tilmaron\" image_poster_switch=\"no\"][\/vc_column][\/vc_row][vc_row][vc_column width=\"1\/3\"][\/vc_column][vc_column width=\"1\/3\"][vc_btn title=\"VER NIVELES DE INVERSI\u00d3N Y ESCALAS DEL NEGOCIO (Nota: Al hacer clic, REG\u00cdSTRESE para poder ver la p\u00e1gina)\" color=\"green\" size=\"lg\" i_icon_fontawesome=\"fas fa-key\" add_icon=\"true\" link=\"url:https%3A%2F%2Fgreenyellow-okapi-692508.hostingersite.com%2Findex%2Fenfoque-de-inversion-acuicola-escalas-del-negocio%2F|title:Enfoque%20de%20inversi%C3%B3n%20acu%C3%ADcola%20%E2%80%93%20Escalas%20del%20Negocio||\"][\/vc_column][vc_column width=\"1\/3\"][\/vc_column][\/vc_row]","rel":"","context":"En \u00abTILMARON ACUICULTURA INTEGRAL (pg)\u00bb","img":{"alt_text":"Costo de tanques geomembrana cultivo de camar\u00f3n y tilapia","src":"https:\/\/i0.wp.com\/tilapiacenter.com\/index\/wp-content\/uploads\/2020\/05\/ProdServ-ModulosTilmaron-Enfoque-0.jpg?fit=759%2C494&ssl=1&resize=350%2C200","width":350,"height":200},"classes":[]}],"post_mailing_queue_ids":[],"_links":{"self":[{"href":"https:\/\/tilapiacenter.com\/index\/wp-json\/wp\/v2\/pages\/3873","targetHints":{"allow":["GET"]}}],"collection":[{"href":"https:\/\/tilapiacenter.com\/index\/wp-json\/wp\/v2\/pages"}],"about":[{"href":"https:\/\/tilapiacenter.com\/index\/wp-json\/wp\/v2\/types\/page"}],"author":[{"embeddable":true,"href":"https:\/\/tilapiacenter.com\/index\/wp-json\/wp\/v2\/users\/1"}],"replies":[{"embeddable":true,"href":"https:\/\/tilapiacenter.com\/index\/wp-json\/wp\/v2\/comments?post=3873"}],"version-history":[{"count":7,"href":"https:\/\/tilapiacenter.com\/index\/wp-json\/wp\/v2\/pages\/3873\/revisions"}],"predecessor-version":[{"id":3883,"href":"https:\/\/tilapiacenter.com\/index\/wp-json\/wp\/v2\/pages\/3873\/revisions\/3883"}],"wp:featuredmedia":[{"embeddable":true,"href":"https:\/\/tilapiacenter.com\/index\/wp-json\/wp\/v2\/media\/3877"}],"wp:attachment":[{"href":"https:\/\/tilapiacenter.com\/index\/wp-json\/wp\/v2\/media?parent=3873"}],"wp:term":[{"taxonomy":"category","embeddable":true,"href":"https:\/\/tilapiacenter.com\/index\/wp-json\/wp\/v2\/categories?post=3873"},{"taxonomy":"post_tag","embeddable":true,"href":"https:\/\/tilapiacenter.com\/index\/wp-json\/wp\/v2\/tags?post=3873"}],"curies":[{"name":"wp","href":"https:\/\/api.w.org\/{rel}","templated":true}]}}