{"id":3762,"date":"2020-05-29T20:50:36","date_gmt":"2020-05-29T20:50:36","guid":{"rendered":"https:\/\/greenyellow-okapi-692508.hostingersite.com\/index\/?page_id=3762"},"modified":"2020-05-29T21:02:43","modified_gmt":"2020-05-29T21:02:43","slug":"tanques-instalacion-geomembrana-liner-camaron-tilapia-cisternas","status":"publish","type":"page","link":"https:\/\/tilapiacenter.com\/index\/tanques-instalacion-geomembrana-liner-camaron-tilapia-cisternas\/","title":{"rendered":"Instalaci\u00f3n de geomembrana o liner en tanques para  camaron, tilapia"},"content":{"rendered":"<p>[vc_row][vc_column]\t\t\t<div class=\"info-box-wrapper \">\n\t\t\t\t<div id=\"wd-5ed17850d343f\" class=\" woodmart-info-box text-left box-icon-align-left box-style- color-scheme- woodmart-bg-none box-title-default \"  >\n\t\t\t\t\t\t\t\t\t\t<div class=\"info-box-content\">\n\t\t\t\t\t\t<h4 class=\"info-box-title woodmart-font-weight- box-title-style-default\">Instalaci\u00f3n de geomembrana o liner para cisternas y camar\u00f3n en extensivo<\/h4>\t\t\t\t\t\t<div class=\"info-box-inner reset-mb-10\">\n\t\t\t\t\t\t\t<p>En muchos casos el cliente requiere la instalaci\u00f3n de geomembrana o liner para sistemas abiertos o piscicultura semitecnificada y semintensiva de 8 a 15 peces\/m3 agua (se refiere a peces adultos= 300gr en adelante) Integrando aireaci\u00f3n se puede aumentar hasta 20 peces\/m3 agua.<\/p>\n<p>El principal prop\u00f3sito es impermeabilizar el agua y evitar contacto con el lodo. Puede realizar recambios cada 3 a diez d\u00edas, seg\u00fan poblaci\u00f3n de organismos.<\/p>\n<p>En caso de requerir ahorrar el agua con manejo en hiperintensivo y hacer recirculaci\u00f3n puede visitar Sistemas <a href=\"https:\/\/greenyellow-okapi-692508.hostingersite.com\/index\/inversion-cultivo-camaron-tilapia-ras-biofloc-full-equipo\/\">RAS modulos Tilmaron para camar\u00f3n y tilapia<\/a><\/p>\n\t\t\t\t\t\t<\/div>\n\n\t\t\t\t\t\t\t\t\t\t\t\t\n\t\t\t\t\t<\/div>\n\n\t\t\t\t\t\t\t\t\t<\/div>\n\t\t\t<\/div>\n\t\t[vc_single_image image=&#8221;3763&#8243; img_size=&#8221;full&#8221; alignment=&#8221;center&#8221; parallax_scroll=&#8221;no&#8221;]\t\t\t<div class=\"info-box-wrapper \">\n\t\t\t\t<div id=\"wd-5ed1786367072\" class=\" woodmart-info-box text-left box-icon-align-left box-style- color-scheme- woodmart-bg-none box-title-default \"  >\n\t\t\t\t\t\t\t\t\t\t<div class=\"info-box-content\">\n\t\t\t\t\t\t<h4 class=\"info-box-title woodmart-font-weight- box-title-style-default\">Tanques rectangulares o raceways en geomembrana o liner<\/h4>\t\t\t\t\t\t<div class=\"info-box-inner reset-mb-10\">\n\t\t\t\t\t\t\t<p>Proveemos la geomembrana o liner\u00a0 necesaria para impermeabilizar, sus cisterna, tanques o piscinas actuales, para lograr m\u00e1s rendimiento en el uso del agua.<\/p>\n<p>Para mejor servicio,\u00a0 indiquenos las medidas del tanque o excavaci\u00f3n para cotizar la inversi\u00f3n que realizar\u00e1.<\/p>\n<p>Despu\u00e9s de los tanques circulares, las formas rectangulares pueden ser \u00fatiles para otros fines, como crianza de alevines, postlarvas, peces de acuario, etc.<\/p>\n<p>Para evaluar cantidad de geomembrana, tenga en cuenta el largo, ancho y alto de la piscina o tanque (sugerido 1,20m alto). DISE\u00d1AMOS Y CONSTRUIMOS A LA MEDIDA DEL CLIENTE!<\/p>\n<p>El tipo de\u00a0 geomembrana o liner puede ser en HDPE o PVC, de 0,75 &#8211; a 1mm de espesor. El tipo HDPE tiene una vida \u00fatil de 10-15 a\u00f1os o m\u00e1s, dependiendo del espesor. El tipo PVC, una vida \u00fatil de 3 a 5 a\u00f1os.<\/p>\n<p>Tambi\u00e9n puede solicitar la<a href=\"https:\/\/greenyellow-okapi-692508.hostingersite.com\/index\/producto\/4-mt-diametro-bolsa-en-geomembrana-hdpe-1mm\/\"> bolsa de geomembrana<\/a> a medida para color f\u00e1cilmente en sus estanques de tierra. \u00datil para <a href=\"https:\/\/greenyellow-okapi-692508.hostingersite.com\/index\/inversion-camaron-tilapia-proyectos-familiar-basicos\/\">piscicultura familiar<\/a> o de distracci\u00f3n.<\/p>\n<p>Si son grandes dimensiones de tanques, los t\u00e9cnicos colocar\u00e1n en sitio.<\/p>\n\t\t\t\t\t\t<\/div>\n\n\t\t\t\t\t\t\t\t\t\t\t\t\n\t\t\t\t\t<\/div>\n\n\t\t\t\t\t\t\t\t\t<\/div>\n\t\t\t<\/div>\n\t\t[\/vc_column][\/vc_row][vc_row][vc_column][vc_btn title=&#8221;Cons\u00faltenos cualquier inquietud WhastApp 0994185675&#8243;][\/vc_column][\/vc_row]<\/p>\n","protected":false},"excerpt":{"rendered":"<p>[vc_row][vc_column][vc_single_image image=&#8221;3763&#8243; img_size=&#8221;full&#8221; alignment=&#8221;center&#8221; parallax_scroll=&#8221;no&#8221;][\/vc_column][\/vc_row][vc_row][vc_column][vc_btn title=&#8221;Cons\u00faltenos cualquier inquietud WhastApp 0994185675&#8243;][\/vc_column][\/vc_row]<\/p>\n","protected":false},"author":1,"featured_media":3709,"parent":0,"menu_order":0,"comment_status":"closed","ping_status":"closed","template":"","meta":{"_monsterinsights_skip_tracking":false,"_monsterinsights_sitenote_active":false,"_monsterinsights_sitenote_note":"","_monsterinsights_sitenote_category":0,"spay_email":"","footnotes":""},"categories":[133],"tags":[302,67,297,69,357,361,295,356,360,296,358,359,66],"class_list":["post-3762","page","type-page","status-publish","has-post-thumbnail","hentry","category-geomembrana-impermeabilizacion-construccion-pg","tag-agua","tag-camaron","tag-cultivo","tag-geomembrana","tag-hdpe","tag-impermeabilizar","tag-instalacion","tag-liner","tag-piscinas","tag-proyectos","tag-pvc","tag-tanques","tag-tilapia"],"yoast_head":"<!-- This site is optimized with the Yoast SEO plugin v18.6 - https:\/\/yoast.com\/wordpress\/plugins\/seo\/ -->\n<title>Proyecto de factibilidad econ\u00f3mica para camar\u00f3n y tilapia financiamiento<\/title>\n<meta name=\"description\" content=\"Servicio de instalaci\u00f3n de geomembrana o liner para tanques de camar\u00f3n o tilapia, para sistemas abiertos o extensivos, que ayuda con la impermeabilizaci\u00f3n\" \/>\n<meta name=\"robots\" content=\"index, follow, max-snippet:-1, max-image-preview:large, max-video-preview:-1\" \/>\n<link rel=\"canonical\" href=\"https:\/\/tilapiacenter.com\/index\/tanques-instalacion-geomembrana-liner-camaron-tilapia-cisternas\/\" \/>\n<meta property=\"og:locale\" content=\"es_ES\" \/>\n<meta property=\"og:type\" content=\"article\" \/>\n<meta property=\"og:title\" content=\"Proyecto de factibilidad econ\u00f3mica para camar\u00f3n y tilapia financiamiento\" \/>\n<meta property=\"og:description\" content=\"Servicio de instalaci\u00f3n de geomembrana o liner para tanques de camar\u00f3n o tilapia, para sistemas abiertos o extensivos, que ayuda con la impermeabilizaci\u00f3n\" \/>\n<meta property=\"og:url\" content=\"https:\/\/tilapiacenter.com\/index\/tanques-instalacion-geomembrana-liner-camaron-tilapia-cisternas\/\" \/>\n<meta property=\"og:site_name\" content=\"TILAPIACENTER- Acuicultura Controlada\" \/>\n<meta property=\"article:publisher\" content=\"https:\/\/www.facebook.com\/tilapiacenterecuador\/\" \/>\n<meta property=\"article:modified_time\" content=\"2020-05-29T21:02:43+00:00\" \/>\n<meta property=\"og:image\" content=\"https:\/\/i0.wp.com\/tilapiacenter.com\/index\/wp-content\/uploads\/2020\/05\/EstudioTecnico-1.jpg?fit=1920%2C1080&#038;ssl=1\" \/>\n\t<meta property=\"og:image:width\" content=\"1920\" \/>\n\t<meta property=\"og:image:height\" content=\"1080\" \/>\n\t<meta property=\"og:image:type\" content=\"image\/jpeg\" \/>\n<meta name=\"twitter:card\" content=\"summary_large_image\" \/>\n<meta name=\"twitter:site\" content=\"@tilapiacenter\" \/>\n<meta name=\"twitter:label1\" content=\"Tiempo de lectura\" \/>\n\t<meta name=\"twitter:data1\" content=\"2 minutos\" \/>\n<script type=\"application\/ld+json\" class=\"yoast-schema-graph\">{\"@context\":\"https:\/\/schema.org\",\"@graph\":[{\"@type\":\"WebSite\",\"@id\":\"https:\/\/tilapiacenter.com\/index\/#website\",\"url\":\"https:\/\/tilapiacenter.com\/index\/\",\"name\":\"TILAPIACENTER- Acuicultura Controlada\",\"description\":\"Equipos, Tecnolog\u00eda, asesor\u00eda y cursos en acuicultura tecnificada, para sistemas RAS y BIOFLOC, en el cultivo de camaron, tilapia, trucha en tanques en geomembrana.\",\"potentialAction\":[{\"@type\":\"SearchAction\",\"target\":{\"@type\":\"EntryPoint\",\"urlTemplate\":\"https:\/\/tilapiacenter.com\/index\/?s={search_term_string}\"},\"query-input\":\"required name=search_term_string\"}],\"inLanguage\":\"es\"},{\"@type\":\"ImageObject\",\"@id\":\"https:\/\/tilapiacenter.com\/index\/tanques-instalacion-geomembrana-liner-camaron-tilapia-cisternas\/#primaryimage\",\"inLanguage\":\"es\",\"url\":\"https:\/\/i0.wp.com\/tilapiacenter.com\/index\/wp-content\/uploads\/2020\/05\/EstudioTecnico-1.jpg?fit=1920%2C1080&ssl=1\",\"contentUrl\":\"https:\/\/i0.wp.com\/tilapiacenter.com\/index\/wp-content\/uploads\/2020\/05\/EstudioTecnico-1.jpg?fit=1920%2C1080&ssl=1\",\"width\":1920,\"height\":1080,\"caption\":\"Plan de Negocio de Camar\u00f3n y Tilapia Tilmaron para financiamiento\"},{\"@type\":\"WebPage\",\"@id\":\"https:\/\/tilapiacenter.com\/index\/tanques-instalacion-geomembrana-liner-camaron-tilapia-cisternas\/#webpage\",\"url\":\"https:\/\/tilapiacenter.com\/index\/tanques-instalacion-geomembrana-liner-camaron-tilapia-cisternas\/\",\"name\":\"Proyecto de factibilidad econ\u00f3mica para camar\u00f3n y tilapia financiamiento\",\"isPartOf\":{\"@id\":\"https:\/\/tilapiacenter.com\/index\/#website\"},\"primaryImageOfPage\":{\"@id\":\"https:\/\/tilapiacenter.com\/index\/tanques-instalacion-geomembrana-liner-camaron-tilapia-cisternas\/#primaryimage\"},\"datePublished\":\"2020-05-29T20:50:36+00:00\",\"dateModified\":\"2020-05-29T21:02:43+00:00\",\"description\":\"Servicio de instalaci\u00f3n de geomembrana o liner para tanques de camar\u00f3n o tilapia, para sistemas abiertos o extensivos, que ayuda con la impermeabilizaci\u00f3n\",\"breadcrumb\":{\"@id\":\"https:\/\/tilapiacenter.com\/index\/tanques-instalacion-geomembrana-liner-camaron-tilapia-cisternas\/#breadcrumb\"},\"inLanguage\":\"es\",\"potentialAction\":[{\"@type\":\"ReadAction\",\"target\":[\"https:\/\/tilapiacenter.com\/index\/tanques-instalacion-geomembrana-liner-camaron-tilapia-cisternas\/\"]}]},{\"@type\":\"BreadcrumbList\",\"@id\":\"https:\/\/tilapiacenter.com\/index\/tanques-instalacion-geomembrana-liner-camaron-tilapia-cisternas\/#breadcrumb\",\"itemListElement\":[{\"@type\":\"ListItem\",\"position\":1,\"name\":\"Portada\",\"item\":\"https:\/\/tilapiacenter.com\/index\/\"},{\"@type\":\"ListItem\",\"position\":2,\"name\":\"Instalaci\u00f3n de geomembrana o liner en tanques para camaron, tilapia\"}]}]}<\/script>\n<!-- \/ Yoast SEO plugin. -->","yoast_head_json":{"title":"Proyecto de factibilidad econ\u00f3mica para camar\u00f3n y tilapia financiamiento","description":"Servicio de instalaci\u00f3n de geomembrana o liner para tanques de camar\u00f3n o tilapia, para sistemas abiertos o extensivos, que ayuda con la impermeabilizaci\u00f3n","robots":{"index":"index","follow":"follow","max-snippet":"max-snippet:-1","max-image-preview":"max-image-preview:large","max-video-preview":"max-video-preview:-1"},"canonical":"https:\/\/tilapiacenter.com\/index\/tanques-instalacion-geomembrana-liner-camaron-tilapia-cisternas\/","og_locale":"es_ES","og_type":"article","og_title":"Proyecto de factibilidad econ\u00f3mica para camar\u00f3n y tilapia financiamiento","og_description":"Servicio de instalaci\u00f3n de geomembrana o liner para tanques de camar\u00f3n o tilapia, para sistemas abiertos o extensivos, que ayuda con la impermeabilizaci\u00f3n","og_url":"https:\/\/tilapiacenter.com\/index\/tanques-instalacion-geomembrana-liner-camaron-tilapia-cisternas\/","og_site_name":"TILAPIACENTER- Acuicultura Controlada","article_publisher":"https:\/\/www.facebook.com\/tilapiacenterecuador\/","article_modified_time":"2020-05-29T21:02:43+00:00","og_image":[{"width":1920,"height":1080,"url":"https:\/\/i0.wp.com\/tilapiacenter.com\/index\/wp-content\/uploads\/2020\/05\/EstudioTecnico-1.jpg?fit=1920%2C1080&ssl=1","type":"image\/jpeg"}],"twitter_card":"summary_large_image","twitter_site":"@tilapiacenter","twitter_misc":{"Tiempo de lectura":"2 minutos"},"schema":{"@context":"https:\/\/schema.org","@graph":[{"@type":"WebSite","@id":"https:\/\/tilapiacenter.com\/index\/#website","url":"https:\/\/tilapiacenter.com\/index\/","name":"TILAPIACENTER- Acuicultura Controlada","description":"Equipos, Tecnolog\u00eda, asesor\u00eda y cursos en acuicultura tecnificada, para sistemas RAS y BIOFLOC, en el cultivo de camaron, tilapia, trucha en tanques en geomembrana.","potentialAction":[{"@type":"SearchAction","target":{"@type":"EntryPoint","urlTemplate":"https:\/\/tilapiacenter.com\/index\/?s={search_term_string}"},"query-input":"required name=search_term_string"}],"inLanguage":"es"},{"@type":"ImageObject","@id":"https:\/\/tilapiacenter.com\/index\/tanques-instalacion-geomembrana-liner-camaron-tilapia-cisternas\/#primaryimage","inLanguage":"es","url":"https:\/\/i0.wp.com\/tilapiacenter.com\/index\/wp-content\/uploads\/2020\/05\/EstudioTecnico-1.jpg?fit=1920%2C1080&ssl=1","contentUrl":"https:\/\/i0.wp.com\/tilapiacenter.com\/index\/wp-content\/uploads\/2020\/05\/EstudioTecnico-1.jpg?fit=1920%2C1080&ssl=1","width":1920,"height":1080,"caption":"Plan de Negocio de Camar\u00f3n y Tilapia Tilmaron para financiamiento"},{"@type":"WebPage","@id":"https:\/\/tilapiacenter.com\/index\/tanques-instalacion-geomembrana-liner-camaron-tilapia-cisternas\/#webpage","url":"https:\/\/tilapiacenter.com\/index\/tanques-instalacion-geomembrana-liner-camaron-tilapia-cisternas\/","name":"Proyecto de factibilidad econ\u00f3mica para camar\u00f3n y tilapia financiamiento","isPartOf":{"@id":"https:\/\/tilapiacenter.com\/index\/#website"},"primaryImageOfPage":{"@id":"https:\/\/tilapiacenter.com\/index\/tanques-instalacion-geomembrana-liner-camaron-tilapia-cisternas\/#primaryimage"},"datePublished":"2020-05-29T20:50:36+00:00","dateModified":"2020-05-29T21:02:43+00:00","description":"Servicio de instalaci\u00f3n de geomembrana o liner para tanques de camar\u00f3n o tilapia, para sistemas abiertos o extensivos, que ayuda con la impermeabilizaci\u00f3n","breadcrumb":{"@id":"https:\/\/tilapiacenter.com\/index\/tanques-instalacion-geomembrana-liner-camaron-tilapia-cisternas\/#breadcrumb"},"inLanguage":"es","potentialAction":[{"@type":"ReadAction","target":["https:\/\/tilapiacenter.com\/index\/tanques-instalacion-geomembrana-liner-camaron-tilapia-cisternas\/"]}]},{"@type":"BreadcrumbList","@id":"https:\/\/tilapiacenter.com\/index\/tanques-instalacion-geomembrana-liner-camaron-tilapia-cisternas\/#breadcrumb","itemListElement":[{"@type":"ListItem","position":1,"name":"Portada","item":"https:\/\/tilapiacenter.com\/index\/"},{"@type":"ListItem","position":2,"name":"Instalaci\u00f3n de geomembrana o liner en tanques para camaron, tilapia"}]}]}},"jetpack_sharing_enabled":true,"jetpack_likes_enabled":true,"jetpack-related-posts":[{"id":3768,"url":"https:\/\/tilapiacenter.com\/index\/venta-instalacion-geomembrana-liner-impermeabilizar-techos-taques-pisicinas-paredes\/","url_meta":{"origin":3762,"position":0},"title":"Venta en instalaci\u00f3n de geomembrana o liner para impermeabilizar techos, tanques, piscinas, paredes","date":"29 de mayo de 2020","format":false,"excerpt":"[vc_row][vc_column][\/vc_column][\/vc_row][vc_row][vc_column][vc_video link=\"https:\/\/www.youtube.com\/watch?v=ZfC2yqDRUMA&t=6s\" align=\"center\" image_poster_switch=\"no\"][\/vc_column][\/vc_row][vc_row][vc_column width=\"1\/2\"][vc_single_image image=\"3771\" img_size=\"full\" alignment=\"center\" parallax_scroll=\"no\"][\/vc_column][vc_column width=\"1\/2\"][vc_single_image image=\"3770\" img_size=\"full\" alignment=\"center\" parallax_scroll=\"no\"][\/vc_column][\/vc_row][vc_row][vc_column][\/vc_column][\/vc_row][vc_row][vc_column][vc_single_image image=\"3769\" img_size=\"full\" alignment=\"center\" parallax_scroll=\"no\"][vc_column_text text_larger=\"no\"] (Fotograf\u00eda: www.quiminet.com ) [\/vc_column_text][\/vc_column][\/vc_row][vc_row][vc_column][vc_single_image image=\"3774\" img_size=\"full\" alignment=\"center\" parallax_scroll=\"no\"][vc_single_image image=\"3773\" img_size=\"full\" alignment=\"center\" parallax_scroll=\"no\"][vc_single_image image=\"3772\" img_size=\"full\" alignment=\"center\" parallax_scroll=\"no\"][\/vc_column][\/vc_row]","rel":"","context":"En \u00abGEOMEMBRANA, IMPERMEABILIZACI\u00d3N CONSTRUCCION (pg)\u00bb","img":{"alt_text":"Venta en instalaci\u00f3n de geomembrana","src":"https:\/\/i0.wp.com\/tilapiacenter.com\/index\/wp-content\/uploads\/2020\/05\/geomembranaLogoT.jpg?fit=360%2C360&ssl=1&resize=350%2C200","width":350,"height":200},"classes":[]},{"id":3434,"url":"https:\/\/tilapiacenter.com\/index\/instalacion-tanques-geomembrana-tilapia-camaron-bolivia\/","url_meta":{"origin":3762,"position":1},"title":"Instalaci\u00f3n M\u00f3dulo TILAP 14D en Santa Cruz &#8211; Bolivia 2016","date":"22 de mayo de 2020","format":false,"excerpt":"[vc_row][vc_column][vc_column_text text_larger=\"no\"]Desde Ecuador, hacia\u00a0 Santa Cruz de La Sierra (Bolivia), tuvimos la oportunidad de instalar m\u00f3dulos a gran escala, que consta de tanques de cultivo para tilapia, sistema de aireaci\u00f3n, sistema RAS , y sistema de calefacci\u00f3n del agua. Este trabajo fue muy completo, que se desarroll\u00f3 con personal t\u00e9cnico\u2026","rel":"","context":"En \u00abCASOS DE EXITO (Pg)\u00bb","img":{"alt_text":"Tanques para cultivo de tilapia camar\u00f3n sistema intensivo Tilapiacenter","src":"https:\/\/i0.wp.com\/tilapiacenter.com\/index\/wp-content\/uploads\/2020\/05\/Bolivia-sistema-RAS-3.jpg?fit=800%2C600&ssl=1&resize=350%2C200","width":350,"height":200},"classes":[]},{"id":3636,"url":"https:\/\/tilapiacenter.com\/index\/modulo-familiar-basico-cultivo-tilapia-camaron-tanques-geomembrana\/","url_meta":{"origin":3762,"position":2},"title":"M\u00f3dulos Tilmaron FAMILIAR \/ B\u00c1SICO para cultivo camar\u00f3n\/tilapia en tanques en geomembrana","date":"27 de mayo de 2020","format":false,"excerpt":"[vc_row][vc_column][vc_single_image image=\"3637\" img_size=\"full\" alignment=\"center\" parallax_scroll=\"no\"][vc_single_image image=\"3490\" img_size=\"full\" alignment=\"center\" parallax_scroll=\"no\"][vc_separator][\/vc_column][\/vc_row][vc_row][vc_column][\/vc_column][\/vc_row][vc_row][vc_column][vc_single_image image=\"4201\" img_size=\"full\" parallax_scroll=\"no\"][\/vc_column][\/vc_row][vc_row][vc_column][\/vc_column][\/vc_row]","rel":"","context":"En \u00abSISTEMAS FAMILIAR BASICOS\u00bb","img":{"alt_text":"Tanque familiar para tilapia intensivo","src":"https:\/\/i0.wp.com\/tilapiacenter.com\/index\/wp-content\/uploads\/2020\/05\/CasosExito-KitFamiliar-StoDgo-3.jpg?fit=800%2C450&ssl=1&resize=350%2C200","width":350,"height":200},"classes":[]},{"id":3449,"url":"https:\/\/tilapiacenter.com\/index\/tanques-geomembrana-instalado-ibarra-ecuador\/","url_meta":{"origin":3762,"position":3},"title":"Instalado tanques geomembrana de piscicultura controlada  en IBARRA &#8211; Ecuador","date":"22 de mayo de 2020","format":false,"excerpt":"[vc_row][vc_column][vc_column_text text_larger=\"no\"]Instalaci\u00f3n piscigranja para cultivo de tilapia roja en estanque en geomembrana, en Ibarra, \u00e1rea urbana. Instalaci\u00f3n con recirculaci\u00f3n y captaci\u00f3n TILAPIACENTER[\/vc_column_text][\/vc_column][\/vc_row][vc_row][vc_column][vc_video link=\"https:\/\/www.youtube.com\/watch?v=qL-PdxrwK4g&feature=\" image_poster_switch=\"no\"][\/vc_column][\/vc_row][vc_row][vc_column][vc_single_image image=\"3450\" img_size=\"full\" alignment=\"center\" parallax_scroll=\"no\"][vc_single_image image=\"3451\" img_size=\"full\" alignment=\"center\" parallax_scroll=\"no\"][vc_single_image image=\"3452\" img_size=\"full\" alignment=\"center\" parallax_scroll=\"no\"][vc_single_image image=\"3453\" img_size=\"full\" alignment=\"center\" parallax_scroll=\"no\"][vc_single_image image=\"3454\" img_size=\"full\" alignment=\"center\" parallax_scroll=\"no\"][vc_single_image image=\"3455\" img_size=\"full\" alignment=\"center\" parallax_scroll=\"no\"][vc_single_image image=\"3456\" img_size=\"full\"\u2026","rel":"","context":"En \u00abCASOS DE EXITO (Pg)\u00bb","img":{"alt_text":"Instalaci\u00f3n piscigranja para cultivo de tilapia roja en estanque en geomembrana, en Ibarra, \u00e1rea urbana. Instalaci\u00f3n con recirculaci\u00f3n y captaci\u00f3n TILAPIACENTER","src":"https:\/\/i0.wp.com\/tilapiacenter.com\/index\/wp-content\/uploads\/2020\/05\/CasosExito-Ibarra12.jpg?fit=800%2C450&ssl=1&resize=350%2C200","width":350,"height":200},"classes":[]},{"id":3475,"url":"https:\/\/tilapiacenter.com\/index\/instalacion-tanques-tilapia-paute-ecuador\/","url_meta":{"origin":3762,"position":4},"title":"Instalaci\u00f3n tanques tilapia TILAP 6D en Paute &#8211; Ecuador 2017","date":"22 de mayo de 2020","format":false,"excerpt":"[vc_row][vc_column][vc_column_text text_larger=\"no\"]En la zona de Paute se realiz\u00f3 la construcci\u00f3n de un sistema en tanques en geomembrana con recirculaci\u00f3n del agua para cultivo de tilapia en sistema intensivo. Tilapiacenter le capacita sobre\u00a0 las instalaciones en funci\u00f3n del volumen de producci\u00f3n o montode inversi\u00f3n; con estas determinaciones, se da inicio a\u2026","rel":"","context":"En \u00abCASOS DE EXITO (Pg)\u00bb","img":{"alt_text":"Tanques geomembrana Tilapia instalado en Paute Ecuador","src":"https:\/\/i0.wp.com\/tilapiacenter.com\/index\/wp-content\/uploads\/2020\/05\/CasosExito-Paute5.jpg?fit=800%2C450&ssl=1&resize=350%2C200","width":350,"height":200},"classes":[]},{"id":3395,"url":"https:\/\/tilapiacenter.com\/index\/instalacion-tanques-geomembrana-tilapia-macas-ecuador-2017\/","url_meta":{"origin":3762,"position":5},"title":"Instalaci\u00f3n M\u00f3dulo TILAP 9D en Macas &#8211; Ecuador 2017","date":"21 de mayo de 2020","format":false,"excerpt":"[vc_row][vc_column][vc_column_text text_larger=\"no\"]En Macas instalamos un m\u00f3dulo 9D para cultivo de tilapia en sistema de recirculaci\u00f3n del agua, con componentes de aireaci\u00f3n reforzada. Tilapiacenter le asiste sobre el tama\u00f1o de las instalaciones en funci\u00f3n del volumen de cultivo o capital de inversi\u00f3n; con estas determinaciones, se da inicio a la planificaci\u00f3n\u2026","rel":"","context":"En \u00abCASOS DE EXITO (Pg)\u00bb","img":{"alt_text":"Tanque sistema RAS Tilapiacenter","src":"https:\/\/i0.wp.com\/tilapiacenter.com\/index\/wp-content\/uploads\/2020\/05\/CasosExito-Macas17-AsiLucen.jpg?fit=800%2C450&ssl=1&resize=350%2C200","width":350,"height":200},"classes":[]}],"post_mailing_queue_ids":[],"_links":{"self":[{"href":"https:\/\/tilapiacenter.com\/index\/wp-json\/wp\/v2\/pages\/3762","targetHints":{"allow":["GET"]}}],"collection":[{"href":"https:\/\/tilapiacenter.com\/index\/wp-json\/wp\/v2\/pages"}],"about":[{"href":"https:\/\/tilapiacenter.com\/index\/wp-json\/wp\/v2\/types\/page"}],"author":[{"embeddable":true,"href":"https:\/\/tilapiacenter.com\/index\/wp-json\/wp\/v2\/users\/1"}],"replies":[{"embeddable":true,"href":"https:\/\/tilapiacenter.com\/index\/wp-json\/wp\/v2\/comments?post=3762"}],"version-history":[{"count":3,"href":"https:\/\/tilapiacenter.com\/index\/wp-json\/wp\/v2\/pages\/3762\/revisions"}],"predecessor-version":[{"id":3766,"href":"https:\/\/tilapiacenter.com\/index\/wp-json\/wp\/v2\/pages\/3762\/revisions\/3766"}],"wp:featuredmedia":[{"embeddable":true,"href":"https:\/\/tilapiacenter.com\/index\/wp-json\/wp\/v2\/media\/3709"}],"wp:attachment":[{"href":"https:\/\/tilapiacenter.com\/index\/wp-json\/wp\/v2\/media?parent=3762"}],"wp:term":[{"taxonomy":"category","embeddable":true,"href":"https:\/\/tilapiacenter.com\/index\/wp-json\/wp\/v2\/categories?post=3762"},{"taxonomy":"post_tag","embeddable":true,"href":"https:\/\/tilapiacenter.com\/index\/wp-json\/wp\/v2\/tags?post=3762"}],"curies":[{"name":"wp","href":"https:\/\/api.w.org\/{rel}","templated":true}]}}