{"id":3530,"date":"2020-05-23T22:11:54","date_gmt":"2020-05-23T22:11:54","guid":{"rendered":"https:\/\/greenyellow-okapi-692508.hostingersite.com\/index\/?page_id=3530"},"modified":"2020-05-23T22:35:01","modified_gmt":"2020-05-23T22:35:01","slug":"estrategias-de-mercado-para-la-tilapia-y-camaron","status":"publish","type":"page","link":"https:\/\/tilapiacenter.com\/index\/estrategias-de-mercado-para-la-tilapia-y-camaron\/","title":{"rendered":"Estrategias de mercado para la tilapia y camar\u00f3n"},"content":{"rendered":"<p>[vc_row][vc_column width=&#8221;1\/2&#8243;][vc_single_image image=&#8221;3533&#8243; img_size=&#8221;full&#8221; alignment=&#8221;center&#8221; parallax_scroll=&#8221;no&#8221;][\/vc_column][vc_column width=&#8221;1\/2&#8243;]\n\t\t<div id=\"wd-5ec9a4d92988a\" class=\"title-wrapper  woodmart-title-color-default woodmart-title-style-default woodmart-title-width-100 text-center woodmart-title-size-default \">\n\t\t\t\n\t\t\t<div class=\"liner-continer\">\n\t\t\t\t<span class=\"left-line\"><\/span>\n\t\t\t\t<h4 class=\"woodmart-title-container title  woodmart-font-weight-\" >Acciones practicas del mercado de tilapia -\u00bfD\u00f3nde vendo mi producci\u00f3n?<\/h4>\t\t\t\t\t\t\t\t<span class=\"right-line\"><\/span>\n\t\t\t<\/div>\n\t\t\t\n\t\t\t\t\t\t\t<div class=\"title-after_title\">De hecho este es el tema que no le deja dormir al inversionista con intensiones de emprender acuicultura, y se preguntar\u00e1 de seguro. Si la producci\u00f3n es fant\u00e1stica, d\u00f3nde vendo las toneladas mensuales o semanales de mi producci\u00f3n? Yo dir\u00eda que si esa respuesta fuera as\u00ed de f\u00e1cil, ya habr\u00eda un pelot\u00f3n de piscicultores y usted poni\u00e9ndose en la fila. Pero pong\u00e1monos en contexto.\nSi bien algunas instituciones financieras para validar un cr\u00e9dito solicitan se les presente una carta de Compromiso de Compra con alguna comercializadora o procesadora. Eso ser\u00eda fabuloso, pero al no darse esta situaci\u00f3n \u00bfqu\u00e9 alternativas tenemos?<\/div>\n\t\t\t\n\t\t\t\t\t<\/div>\n\t\t\n\t\t\n\t\t<div id=\"wd-5ec9a1b5e4d7b\" class=\"title-wrapper  woodmart-title-color-default woodmart-title-style-default woodmart-title-width-100 text-center woodmart-title-size-default \">\n\t\t\t\n\t\t\t<div class=\"liner-continer\">\n\t\t\t\t<span class=\"left-line\"><\/span>\n\t\t\t\t<h4 class=\"woodmart-title-container title  woodmart-font-weight-\" >1.- Construya su propio mercado,<\/h4>\t\t\t\t\t\t\t\t<span class=\"right-line\"><\/span>\n\t\t\t<\/div>\n\t\t\t\n\t\t\t\t\t\t\t<div class=\"title-after_title\">Si la producci\u00f3n local es modesta, tenemos todas las de ganar d\u00e1ndose a relucir desde casa y bajo esta actitud no tardar\u00e1 en expandirse o que el mercado venga hacia su granja. \u00bfPorqu\u00e9 esta conclusi\u00f3n? Debido, una a que la tilapia ya tiene integrado su propio marketing (no necesita promocionarlo, la mayor\u00eda lo conocen: Ecuador y el mundo) y dos, por la escas\u00e9s de \u00e9ste producto: solo haga una prueba de campo en busca de tilapia y constatar\u00e1 si lo encuentra y a qu\u00e9 precio (actualemente entre USD5\/kilo en cualquier parte del pais (Ecuador)); y otra cosa, los productos de pr\u00e1cticas org\u00e1nicas tienen m\u00e1s aceptaci\u00f3n en el mercado por el mismo hecho de que el proceso de cultivo en ambientes cerrados son bastante acepticos<\/div>\n\t\t\t\n\t\t\t\t\t<\/div>\n\t\t\n\t\t[\/vc_column][\/vc_row][vc_row][vc_column width=&#8221;1\/2&#8243;]\n\t\t<div id=\"wd-5ec9a24cbc037\" class=\"title-wrapper  woodmart-title-color-default woodmart-title-style-default woodmart-title-width-100 text-center woodmart-title-size-default \">\n\t\t\t\n\t\t\t<div class=\"liner-continer\">\n\t\t\t\t<span class=\"left-line\"><\/span>\n\t\t\t\t<h4 class=\"woodmart-title-container title  woodmart-font-weight-\" >2.-Venta en pie en planta,<\/h4>\t\t\t\t\t\t\t\t<span class=\"right-line\"><\/span>\n\t\t\t<\/div>\n\t\t\t\n\t\t\t\t\t\t\t<div class=\"title-after_title\">Como ya se ver\u00e1 m\u00e1s adelante, la gran demanda de este producto (y pescado en general) confluye a que le busquen a usted en planta. Hay decenas de procesadoras en el pais que buscan su producci\u00f3n, son firmas que aumentan el valor del producto y lo exportan principalmente a EEUU, Espa\u00f1a, incluso Colombia y Per\u00fa captan producto ecuatoriano. Estas empresas necesitan de alta producci\u00f3n constante para completar las entregas abasteciendo mercados internos\/externos.\nEstas acopiadoras usualmente llegan a su granja en camiones equipadas con la cadena de frio y usted solo debe entregarles su producto. Ellos procesan, aumentan el valor y lo dedican a la exportaci\u00f3n hacia EEUU principalmente.\nSi usted no tiene experiencia estas \u00e1reas, no escatime reservas en contratar una empresa de marketing que le asesore en canalizar su producto. De antemano Tilapiacenter mediante su departamento de marketing puede ayudarle en este tipo de gestiones Administrativas y servicio de mercadeo, siempre que usted ya disponga del producto o ya haya dado el primer paso en la implementaci\u00f3n de las instalaciones.\nCon la seguridad de que su producto estar\u00e1 listo en un periodo determinado nos ponemos manos a la obra a prever opciones de compradores, seg\u00fan su volumen de producci\u00f3n y cronograma disponible.<\/div>\n\t\t\t\n\t\t\t\t\t<\/div>\n\t\t\n\t\t[\/vc_column][vc_column width=&#8221;1\/2&#8243;][vc_single_image image=&#8221;3536&#8243; img_size=&#8221;full&#8221; alignment=&#8221;center&#8221; parallax_scroll=&#8221;no&#8221;][\/vc_column][\/vc_row][vc_row][vc_column width=&#8221;1\/2&#8243;][vc_single_image image=&#8221;3537&#8243; img_size=&#8221;full&#8221; alignment=&#8221;center&#8221; parallax_scroll=&#8221;no&#8221;][\/vc_column][vc_column width=&#8221;1\/2&#8243;]\n\t\t<div id=\"wd-5ec9a3d573b74\" class=\"title-wrapper  woodmart-title-color-default woodmart-title-style-default woodmart-title-width-100 text-center woodmart-title-size-default \">\n\t\t\t\n\t\t\t<div class=\"liner-continer\">\n\t\t\t\t<span class=\"left-line\"><\/span>\n\t\t\t\t<h4 class=\"woodmart-title-container title  woodmart-font-weight-\" >3.-Aumente el valor <\/h4>\t\t\t\t\t\t\t\t<span class=\"right-line\"><\/span>\n\t\t\t<\/div>\n\t\t\t\n\t\t\t\t\t\t\t<div class=\"title-after_title\">Piense en una procesadora , esto es una estrategia que no esta lejos de la verdad. Si piensa conquistar su propio mercado, no esta por dem\u00e1s en mejorar el valor su producto. Imagine, una tilapia limpia, empacada al vacio, una presentaci\u00f3n de calidad, marca, precio accesible para todos\u2026 Implica m\u00e1s procesos (encadenamiento productivo), pero estos pueden ser sostenibles en el tiempo, generar m\u00e1s empleo y din\u00e1mica econ\u00f3mica y alimentaria. Significa invertir en una procesadora pero \u00e9sta puede acaparar la producci\u00f3n de sus vecinos, comunidad o asociaci\u00f3n y darles beneficios por ese aporte. Es una estrategia de desarrollo colectivo. Recuerde que existe gran demanda de este producto, y uno solo no puede hacer mucho, necesita producir en equipo. Porqu\u00e9 no pensar en una integraci\u00f3n de productores.<\/div>\n\t\t\t\n\t\t\t\t\t<\/div>\n\t\t\n\t\t[\/vc_column][\/vc_row]<\/p>\n","protected":false},"excerpt":{"rendered":"<p>[vc_row][vc_column width=&#8221;1\/2&#8243;][vc_single_image image=&#8221;3533&#8243; img_size=&#8221;full&#8221; alignment=&#8221;center&#8221; parallax_scroll=&#8221;no&#8221;][\/vc_column][vc_column width=&#8221;1\/2&#8243;][\/vc_column][\/vc_row][vc_row][vc_column width=&#8221;1\/2&#8243;][\/vc_column][vc_column width=&#8221;1\/2&#8243;][vc_single_image image=&#8221;3536&#8243; img_size=&#8221;full&#8221; alignment=&#8221;center&#8221; parallax_scroll=&#8221;no&#8221;][\/vc_column][\/vc_row][vc_row][vc_column width=&#8221;1\/2&#8243;][vc_single_image image=&#8221;3537&#8243; img_size=&#8221;full&#8221; alignment=&#8221;center&#8221; parallax_scroll=&#8221;no&#8221;][\/vc_column][vc_column width=&#8221;1\/2&#8243;][\/vc_column][\/vc_row]<\/p>\n","protected":false},"author":1,"featured_media":3533,"parent":0,"menu_order":0,"comment_status":"closed","ping_status":"closed","template":"","meta":{"_monsterinsights_skip_tracking":false,"_monsterinsights_sitenote_active":false,"_monsterinsights_sitenote_note":"","_monsterinsights_sitenote_category":0,"spay_email":"","footnotes":""},"categories":[123],"tags":[67,297,323,324,322],"class_list":["post-3530","page","type-page","status-publish","has-post-thumbnail","hentry","category-viabilidad-y-recursos","tag-camaron","tag-cultivo","tag-estrategias","tag-mercado","tag-venta"],"yoast_head":"<!-- This site is optimized with the Yoast SEO plugin v18.6 - https:\/\/yoast.com\/wordpress\/plugins\/seo\/ -->\n<title>Estrategias de mercado para la venta de tilapia y camar\u00f3n<\/title>\n<meta name=\"description\" content=\"Para la venta de tilapia o camar\u00f3n, se puede considerar tres opciones, colocar en el mercado loca, venta en planta y dar un valor agregado\" \/>\n<meta name=\"robots\" content=\"index, follow, max-snippet:-1, max-image-preview:large, max-video-preview:-1\" \/>\n<link rel=\"canonical\" href=\"https:\/\/tilapiacenter.com\/index\/estrategias-de-mercado-para-la-tilapia-y-camaron\/\" \/>\n<meta property=\"og:locale\" content=\"es_ES\" \/>\n<meta property=\"og:type\" content=\"article\" \/>\n<meta property=\"og:title\" content=\"Estrategias de mercado para la venta de tilapia y camar\u00f3n\" \/>\n<meta property=\"og:description\" content=\"Para la venta de tilapia o camar\u00f3n, se puede considerar tres opciones, colocar en el mercado loca, venta en planta y dar un valor agregado\" \/>\n<meta property=\"og:url\" content=\"https:\/\/tilapiacenter.com\/index\/estrategias-de-mercado-para-la-tilapia-y-camaron\/\" \/>\n<meta property=\"og:site_name\" content=\"TILAPIACENTER- Acuicultura Controlada\" \/>\n<meta property=\"article:publisher\" content=\"https:\/\/www.facebook.com\/tilapiacenterecuador\/\" \/>\n<meta property=\"article:modified_time\" content=\"2020-05-23T22:35:01+00:00\" \/>\n<meta property=\"og:image\" content=\"https:\/\/i0.wp.com\/tilapiacenter.com\/index\/wp-content\/uploads\/2020\/05\/viabilidadRecursos-dondeVendo-1.png?fit=575%2C456&#038;ssl=1\" \/>\n\t<meta property=\"og:image:width\" content=\"575\" \/>\n\t<meta property=\"og:image:height\" content=\"456\" \/>\n\t<meta property=\"og:image:type\" content=\"image\/png\" \/>\n<meta name=\"twitter:card\" content=\"summary_large_image\" \/>\n<meta name=\"twitter:site\" content=\"@tilapiacenter\" \/>\n<meta name=\"twitter:label1\" content=\"Tiempo de lectura\" \/>\n\t<meta name=\"twitter:data1\" content=\"4 minutos\" \/>\n<script type=\"application\/ld+json\" class=\"yoast-schema-graph\">{\"@context\":\"https:\/\/schema.org\",\"@graph\":[{\"@type\":\"WebSite\",\"@id\":\"https:\/\/tilapiacenter.com\/index\/#website\",\"url\":\"https:\/\/tilapiacenter.com\/index\/\",\"name\":\"TILAPIACENTER- Acuicultura Controlada\",\"description\":\"Equipos, Tecnolog\u00eda, asesor\u00eda y cursos en acuicultura tecnificada, para sistemas RAS y BIOFLOC, en el cultivo de camaron, tilapia, trucha en tanques en geomembrana.\",\"potentialAction\":[{\"@type\":\"SearchAction\",\"target\":{\"@type\":\"EntryPoint\",\"urlTemplate\":\"https:\/\/tilapiacenter.com\/index\/?s={search_term_string}\"},\"query-input\":\"required name=search_term_string\"}],\"inLanguage\":\"es\"},{\"@type\":\"ImageObject\",\"@id\":\"https:\/\/tilapiacenter.com\/index\/estrategias-de-mercado-para-la-tilapia-y-camaron\/#primaryimage\",\"inLanguage\":\"es\",\"url\":\"https:\/\/i0.wp.com\/tilapiacenter.com\/index\/wp-content\/uploads\/2020\/05\/viabilidadRecursos-dondeVendo-1.png?fit=575%2C456&ssl=1\",\"contentUrl\":\"https:\/\/i0.wp.com\/tilapiacenter.com\/index\/wp-content\/uploads\/2020\/05\/viabilidadRecursos-dondeVendo-1.png?fit=575%2C456&ssl=1\",\"width\":575,\"height\":456,\"caption\":\"Estrategias venta de tilapia camar\u00f3n\"},{\"@type\":\"WebPage\",\"@id\":\"https:\/\/tilapiacenter.com\/index\/estrategias-de-mercado-para-la-tilapia-y-camaron\/#webpage\",\"url\":\"https:\/\/tilapiacenter.com\/index\/estrategias-de-mercado-para-la-tilapia-y-camaron\/\",\"name\":\"Estrategias de mercado para la venta de tilapia y camar\u00f3n\",\"isPartOf\":{\"@id\":\"https:\/\/tilapiacenter.com\/index\/#website\"},\"primaryImageOfPage\":{\"@id\":\"https:\/\/tilapiacenter.com\/index\/estrategias-de-mercado-para-la-tilapia-y-camaron\/#primaryimage\"},\"datePublished\":\"2020-05-23T22:11:54+00:00\",\"dateModified\":\"2020-05-23T22:35:01+00:00\",\"description\":\"Para la venta de tilapia o camar\u00f3n, se puede considerar tres opciones, colocar en el mercado loca, venta en planta y dar un valor agregado\",\"breadcrumb\":{\"@id\":\"https:\/\/tilapiacenter.com\/index\/estrategias-de-mercado-para-la-tilapia-y-camaron\/#breadcrumb\"},\"inLanguage\":\"es\",\"potentialAction\":[{\"@type\":\"ReadAction\",\"target\":[\"https:\/\/tilapiacenter.com\/index\/estrategias-de-mercado-para-la-tilapia-y-camaron\/\"]}]},{\"@type\":\"BreadcrumbList\",\"@id\":\"https:\/\/tilapiacenter.com\/index\/estrategias-de-mercado-para-la-tilapia-y-camaron\/#breadcrumb\",\"itemListElement\":[{\"@type\":\"ListItem\",\"position\":1,\"name\":\"Portada\",\"item\":\"https:\/\/tilapiacenter.com\/index\/\"},{\"@type\":\"ListItem\",\"position\":2,\"name\":\"Estrategias de mercado para la tilapia y camar\u00f3n\"}]}]}<\/script>\n<!-- \/ Yoast SEO plugin. -->","yoast_head_json":{"title":"Estrategias de mercado para la venta de tilapia y camar\u00f3n","description":"Para la venta de tilapia o camar\u00f3n, se puede considerar tres opciones, colocar en el mercado loca, venta en planta y dar un valor agregado","robots":{"index":"index","follow":"follow","max-snippet":"max-snippet:-1","max-image-preview":"max-image-preview:large","max-video-preview":"max-video-preview:-1"},"canonical":"https:\/\/tilapiacenter.com\/index\/estrategias-de-mercado-para-la-tilapia-y-camaron\/","og_locale":"es_ES","og_type":"article","og_title":"Estrategias de mercado para la venta de tilapia y camar\u00f3n","og_description":"Para la venta de tilapia o camar\u00f3n, se puede considerar tres opciones, colocar en el mercado loca, venta en planta y dar un valor agregado","og_url":"https:\/\/tilapiacenter.com\/index\/estrategias-de-mercado-para-la-tilapia-y-camaron\/","og_site_name":"TILAPIACENTER- Acuicultura Controlada","article_publisher":"https:\/\/www.facebook.com\/tilapiacenterecuador\/","article_modified_time":"2020-05-23T22:35:01+00:00","og_image":[{"width":575,"height":456,"url":"https:\/\/i0.wp.com\/tilapiacenter.com\/index\/wp-content\/uploads\/2020\/05\/viabilidadRecursos-dondeVendo-1.png?fit=575%2C456&ssl=1","type":"image\/png"}],"twitter_card":"summary_large_image","twitter_site":"@tilapiacenter","twitter_misc":{"Tiempo de lectura":"4 minutos"},"schema":{"@context":"https:\/\/schema.org","@graph":[{"@type":"WebSite","@id":"https:\/\/tilapiacenter.com\/index\/#website","url":"https:\/\/tilapiacenter.com\/index\/","name":"TILAPIACENTER- Acuicultura Controlada","description":"Equipos, Tecnolog\u00eda, asesor\u00eda y cursos en acuicultura tecnificada, para sistemas RAS y BIOFLOC, en el cultivo de camaron, tilapia, trucha en tanques en geomembrana.","potentialAction":[{"@type":"SearchAction","target":{"@type":"EntryPoint","urlTemplate":"https:\/\/tilapiacenter.com\/index\/?s={search_term_string}"},"query-input":"required name=search_term_string"}],"inLanguage":"es"},{"@type":"ImageObject","@id":"https:\/\/tilapiacenter.com\/index\/estrategias-de-mercado-para-la-tilapia-y-camaron\/#primaryimage","inLanguage":"es","url":"https:\/\/i0.wp.com\/tilapiacenter.com\/index\/wp-content\/uploads\/2020\/05\/viabilidadRecursos-dondeVendo-1.png?fit=575%2C456&ssl=1","contentUrl":"https:\/\/i0.wp.com\/tilapiacenter.com\/index\/wp-content\/uploads\/2020\/05\/viabilidadRecursos-dondeVendo-1.png?fit=575%2C456&ssl=1","width":575,"height":456,"caption":"Estrategias venta de tilapia camar\u00f3n"},{"@type":"WebPage","@id":"https:\/\/tilapiacenter.com\/index\/estrategias-de-mercado-para-la-tilapia-y-camaron\/#webpage","url":"https:\/\/tilapiacenter.com\/index\/estrategias-de-mercado-para-la-tilapia-y-camaron\/","name":"Estrategias de mercado para la venta de tilapia y camar\u00f3n","isPartOf":{"@id":"https:\/\/tilapiacenter.com\/index\/#website"},"primaryImageOfPage":{"@id":"https:\/\/tilapiacenter.com\/index\/estrategias-de-mercado-para-la-tilapia-y-camaron\/#primaryimage"},"datePublished":"2020-05-23T22:11:54+00:00","dateModified":"2020-05-23T22:35:01+00:00","description":"Para la venta de tilapia o camar\u00f3n, se puede considerar tres opciones, colocar en el mercado loca, venta en planta y dar un valor agregado","breadcrumb":{"@id":"https:\/\/tilapiacenter.com\/index\/estrategias-de-mercado-para-la-tilapia-y-camaron\/#breadcrumb"},"inLanguage":"es","potentialAction":[{"@type":"ReadAction","target":["https:\/\/tilapiacenter.com\/index\/estrategias-de-mercado-para-la-tilapia-y-camaron\/"]}]},{"@type":"BreadcrumbList","@id":"https:\/\/tilapiacenter.com\/index\/estrategias-de-mercado-para-la-tilapia-y-camaron\/#breadcrumb","itemListElement":[{"@type":"ListItem","position":1,"name":"Portada","item":"https:\/\/tilapiacenter.com\/index\/"},{"@type":"ListItem","position":2,"name":"Estrategias de mercado para la tilapia y camar\u00f3n"}]}]}},"jetpack_sharing_enabled":true,"jetpack_likes_enabled":true,"jetpack-related-posts":[{"id":3539,"url":"https:\/\/tilapiacenter.com\/index\/demanda-oferta-mundial-tilapia-pescado\/","url_meta":{"origin":3530,"position":0},"title":"Demanda y oferta global de pescado y tilapia en el mundo","date":"23 de mayo de 2020","format":false,"excerpt":"[vc_row][vc_column][\/vc_column][\/vc_row][vc_row][vc_column][vc_raw_html]JTIwJTVCc29jaWFsX2J1dHRvbnMlMjB0eXBlJTNEJTIyc2hhcmUlMjIlNUQ=[\/vc_raw_html][\/vc_column][\/vc_row]","rel":"","context":"En \u00abVIABILIDAD Y RECURSOS (pg)\u00bb","img":{"alt_text":"Productos de tilapia","src":"https:\/\/i0.wp.com\/tilapiacenter.com\/index\/wp-content\/uploads\/2020\/05\/viabilidadRecursos-OfertayDemandaGloba-2.png?fit=802%2C230&ssl=1&resize=350%2C200","width":350,"height":200},"classes":[]},{"id":3548,"url":"https:\/\/tilapiacenter.com\/index\/recomendaciones-iniciar-negocio-cultivo-tilapia-camaron-tecnificado\/","url_meta":{"origin":3530,"position":1},"title":"Recomendaciones para iniciar negocio en acuicultura de tilapia y camar\u00f3n en tecnificado","date":"23 de mayo de 2020","format":false,"excerpt":"[vc_row][vc_column][vc_single_image image=\"3549\" img_size=\"full\" add_caption=\"yes\" alignment=\"center\" parallax_scroll=\"no\"][\/vc_column][\/vc_row][vc_row][vc_column][\/vc_column][\/vc_row][vc_row][vc_column][vc_single_image image=\"3520\" img_size=\"full\" alignment=\"center\" parallax_scroll=\"no\"][\/vc_column][\/vc_row][vc_row][vc_column][vc_message]Desea saber m\u00e1s sobre el estudio t\u00e9cnico de factibilidad para gesti\u00f3n de financiamiento. Le invitamos a seguir inform\u00e1ndose[\/vc_message][\/vc_column][\/vc_row]","rel":"","context":"En \u00abVIABILIDAD Y RECURSOS (pg)\u00bb","img":{"alt_text":"Estanque geomembrana camaron Manabi Tilapiacenter","src":"https:\/\/i0.wp.com\/tilapiacenter.com\/index\/wp-content\/uploads\/2020\/05\/CasosExito-Manab\u00ed-4.jpg?fit=800%2C450&ssl=1&resize=350%2C200","width":350,"height":200},"classes":[]},{"id":4121,"url":"https:\/\/tilapiacenter.com\/index\/enfoque-de-inversion-acuicola-escalas-del-negocio\/","url_meta":{"origin":3530,"position":2},"title":"Enfoque de inversi\u00f3n acu\u00edcola &#8211; Escalas del Negocio","date":"7 de junio de 2020","format":false,"excerpt":"[vc_row][vc_column][vc_single_image image=\"3579\" img_size=\"full\" alignment=\"center\" parallax_scroll=\"no\"][\/vc_column][\/vc_row][vc_row][vc_column][vc_text_separator title=\"\" color=\"white\"][\/vc_column][\/vc_row][vc_row][vc_column][\/vc_column][\/vc_row][vc_row][vc_column width=\"1\/2\"][\/vc_column][vc_column width=\"1\/2\"][\/vc_column][\/vc_row]","rel":"","context":"En \u00abTILMARON ACUICULTURA INTEGRAL (pg)\u00bb","img":{"alt_text":"Costo de tanques geomembrana cultivo de camar\u00f3n y tilapia","src":"https:\/\/i0.wp.com\/tilapiacenter.com\/index\/wp-content\/uploads\/2020\/05\/ProdServ-ModulosTilmaron-Enfoque-0.jpg?fit=759%2C494&ssl=1&resize=350%2C200","width":350,"height":200},"classes":[]},{"id":3636,"url":"https:\/\/tilapiacenter.com\/index\/modulo-familiar-basico-cultivo-tilapia-camaron-tanques-geomembrana\/","url_meta":{"origin":3530,"position":3},"title":"M\u00f3dulos Tilmaron FAMILIAR \/ B\u00c1SICO para cultivo camar\u00f3n\/tilapia en tanques en geomembrana","date":"27 de mayo de 2020","format":false,"excerpt":"[vc_row][vc_column][vc_single_image image=\"3637\" img_size=\"full\" alignment=\"center\" parallax_scroll=\"no\"][vc_single_image image=\"3490\" img_size=\"full\" alignment=\"center\" parallax_scroll=\"no\"][vc_separator][\/vc_column][\/vc_row][vc_row][vc_column][\/vc_column][\/vc_row][vc_row][vc_column][vc_single_image image=\"4201\" img_size=\"full\" parallax_scroll=\"no\"][\/vc_column][\/vc_row][vc_row][vc_column][\/vc_column][\/vc_row]","rel":"","context":"En \u00abSISTEMAS FAMILIAR BASICOS\u00bb","img":{"alt_text":"Tanque familiar para tilapia intensivo","src":"https:\/\/i0.wp.com\/tilapiacenter.com\/index\/wp-content\/uploads\/2020\/05\/CasosExito-KitFamiliar-StoDgo-3.jpg?fit=800%2C450&ssl=1&resize=350%2C200","width":350,"height":200},"classes":[]},{"id":3858,"url":"https:\/\/tilapiacenter.com\/index\/blower-aireador-camaron-tilapia-intensivos-guayquil-machala-quito\/","url_meta":{"origin":3530,"position":4},"title":"Blower aireador camar\u00f3n tilapia para cultivos intensivos, en Guayaquil, Machala, Quito","date":"30 de mayo de 2020","format":false,"excerpt":"[vc_row][vc_column][\/vc_column][\/vc_row][vc_row][vc_column width=\"1\/2\"][vc_single_image image=\"3859\" img_size=\"full\" alignment=\"center\" parallax_scroll=\"no\"][\/vc_column][vc_column width=\"1\/2\"][\/vc_column][\/vc_row][vc_row][vc_column][vc_single_image image=\"3861\" img_size=\"full\" parallax_scroll=\"no\"][\/vc_column][\/vc_row][vc_row][vc_column][vc_single_image image=\"3860\" img_size=\"full\" parallax_scroll=\"no\"][\/vc_column][\/vc_row][vc_row][vc_column][vc_single_image image=\"3495\" img_size=\"full\" parallax_scroll=\"no\"][\/vc_column][\/vc_row][vc_row][vc_column][\/vc_column][\/vc_row][vc_row][vc_column][vc_cta h2=\"Pida hoy mismo su equipo Blower a nuestro contacto\" h4=\"Whatsapp 099-4185675\" txt_align=\"center\" style=\"3d\" color=\"green\" css=\".vc_custom_1590874973591{background-color: #57929b !important;}\"]Pregunte las disponibilidad del equipo que usted necesita.[\/vc_cta][\/vc_column][\/vc_row]","rel":"","context":"En \u00abEQUIPOS &amp; ACUICULTURA\u00bb","img":{"alt_text":"Blower aireador camar\u00f3n tilapia","src":"https:\/\/i0.wp.com\/tilapiacenter.com\/index\/wp-content\/uploads\/2020\/05\/blower3.jpg?fit=983%2C592&ssl=1&resize=350%2C200","width":350,"height":200},"classes":[]},{"id":3734,"url":"https:\/\/tilapiacenter.com\/index\/curso-taller-camaron-tilapia-cultivo-tecnificado-guayaquil-machala-ecuador\/","url_meta":{"origin":3530,"position":5},"title":"Curso taller Internacional de Camar\u00f3n Tilapia cultivo tecnificado en Guayaquil, Machala, Quito","date":"28 de mayo de 2020","format":false,"excerpt":"[vc_row][vc_column][vc_single_image image=\"3735\" img_size=\"full\" alignment=\"center\" parallax_scroll=\"no\"][vc_video link=\"https:\/\/www.youtube.com\/watch?v=vu6dBEbgxYs\" align=\"center\" title=\"Ahora desde la comodidad de su casa puede capacitarse. Desde marzo 2020 hemos activado el curso virtual internacional de El Negocio de Acuicultura Tecnificada.\" image_poster_switch=\"no\"][vc_video link=\"https:\/\/www.youtube.com\/watch?v=A_7Q9iEA0Tg\" align=\"center\" title=\"El aprendizaje del curso presencial comparado con el virtual es similar, la diferencia es que no\u2026","rel":"","context":"En \u00abCURSOS ACUICULTURA (pg)\u00bb","img":{"alt_text":"Curso de tecnolog\u00eda de camar\u00f3n y tilapia","src":"https:\/\/i0.wp.com\/tilapiacenter.com\/index\/wp-content\/uploads\/2020\/05\/cursoQuito3.jpg?fit=960%2C540&ssl=1&resize=350%2C200","width":350,"height":200},"classes":[]}],"post_mailing_queue_ids":[],"_links":{"self":[{"href":"https:\/\/tilapiacenter.com\/index\/wp-json\/wp\/v2\/pages\/3530","targetHints":{"allow":["GET"]}}],"collection":[{"href":"https:\/\/tilapiacenter.com\/index\/wp-json\/wp\/v2\/pages"}],"about":[{"href":"https:\/\/tilapiacenter.com\/index\/wp-json\/wp\/v2\/types\/page"}],"author":[{"embeddable":true,"href":"https:\/\/tilapiacenter.com\/index\/wp-json\/wp\/v2\/users\/1"}],"replies":[{"embeddable":true,"href":"https:\/\/tilapiacenter.com\/index\/wp-json\/wp\/v2\/comments?post=3530"}],"version-history":[{"count":5,"href":"https:\/\/tilapiacenter.com\/index\/wp-json\/wp\/v2\/pages\/3530\/revisions"}],"predecessor-version":[{"id":3532,"href":"https:\/\/tilapiacenter.com\/index\/wp-json\/wp\/v2\/pages\/3530\/revisions\/3532"}],"wp:featuredmedia":[{"embeddable":true,"href":"https:\/\/tilapiacenter.com\/index\/wp-json\/wp\/v2\/media\/3533"}],"wp:attachment":[{"href":"https:\/\/tilapiacenter.com\/index\/wp-json\/wp\/v2\/media?parent=3530"}],"wp:term":[{"taxonomy":"category","embeddable":true,"href":"https:\/\/tilapiacenter.com\/index\/wp-json\/wp\/v2\/categories?post=3530"},{"taxonomy":"post_tag","embeddable":true,"href":"https:\/\/tilapiacenter.com\/index\/wp-json\/wp\/v2\/tags?post=3530"}],"curies":[{"name":"wp","href":"https:\/\/api.w.org\/{rel}","templated":true}]}}