{"id":3487,"date":"2020-05-23T00:13:42","date_gmt":"2020-05-23T00:13:42","guid":{"rendered":"https:\/\/greenyellow-okapi-692508.hostingersite.com\/index\/?page_id=3487"},"modified":"2020-05-23T00:13:42","modified_gmt":"2020-05-23T00:13:42","slug":"tanque-familiar-tilapia-santo-domingo","status":"publish","type":"page","link":"https:\/\/tilapiacenter.com\/index\/tanque-familiar-tilapia-santo-domingo\/","title":{"rendered":"M\u00f3dulo FAMILIAR ensamblado en Sto. Domingo de los Tsachilas &#8211; Ecuador"},"content":{"rendered":"<p>[vc_row][vc_column][vc_column_text text_larger=&#8221;no&#8221;]Minitanque en geomembrana Kit familiar instalado en Sto. Domingo de los Tsachilas..<\/p>\n<p>Tiempo de instalaci\u00f3n: un d\u00eda.<\/p>\n<p>El cliente adquiri\u00f3 este sistema para disponer de tilapia en el patio para el consumo familiar, y b\u00e1sicamente para el desestress familiar.[\/vc_column_text][vc_video link=&#8221;https:\/\/www.youtube.com\/watch?v=Dl6cKQQ6e7s&#8221; image_poster_switch=&#8221;no&#8221;][\/vc_column][\/vc_row][vc_row][vc_column][vc_single_image image=&#8221;3488&#8243; img_size=&#8221;full&#8221; alignment=&#8221;center&#8221; parallax_scroll=&#8221;no&#8221;][vc_single_image image=&#8221;3489&#8243; img_size=&#8221;full&#8221; alignment=&#8221;center&#8221; parallax_scroll=&#8221;no&#8221;][vc_single_image image=&#8221;3490&#8243; img_size=&#8221;full&#8221; alignment=&#8221;center&#8221; parallax_scroll=&#8221;no&#8221;][\/vc_column][\/vc_row]<\/p>\n","protected":false},"excerpt":{"rendered":"<p>[vc_row][vc_column][vc_column_text text_larger=&#8221;no&#8221;]Minitanque en geomembrana Kit familiar instalado en Sto. Domingo de los Tsachilas.. Tiempo de instalaci\u00f3n: un d\u00eda. El cliente<\/p>\n","protected":false},"author":1,"featured_media":3490,"parent":0,"menu_order":0,"comment_status":"closed","ping_status":"closed","template":"","meta":{"_monsterinsights_skip_tracking":false,"_monsterinsights_sitenote_active":false,"_monsterinsights_sitenote_note":"","_monsterinsights_sitenote_category":0,"spay_email":"","footnotes":""},"categories":[124],"tags":[297,71,69,78,295,296,72,312,313,66],"class_list":["post-3487","page","type-page","status-publish","has-post-thumbnail","hentry","category-casos-de-exito-instalados-tilapiacenter","tag-cultivo","tag-ecuador","tag-geomembrana","tag-hiperintensivo","tag-instalacion","tag-proyectos","tag-ras","tag-santo-domingo","tag-tanque","tag-tilapia"],"yoast_head":"<!-- This site is optimized with the Yoast SEO plugin v18.6 - https:\/\/yoast.com\/wordpress\/plugins\/seo\/ -->\n<title>Instalaci\u00f3n de tanques RAS para tilapia en Santo Domingo Ecuador<\/title>\n<meta name=\"description\" content=\"Instalamos en Santo Domingo un sistema RAS, en funci\u00f3n de la dimensi\u00f3n para cultivo de tilapia. El inversionista adquiere los mejores equipos\" \/>\n<meta name=\"robots\" content=\"index, follow, max-snippet:-1, max-image-preview:large, max-video-preview:-1\" \/>\n<link rel=\"canonical\" href=\"https:\/\/tilapiacenter.com\/index\/tanque-familiar-tilapia-santo-domingo\/\" \/>\n<meta property=\"og:locale\" content=\"es_ES\" \/>\n<meta property=\"og:type\" content=\"article\" \/>\n<meta property=\"og:title\" content=\"Instalaci\u00f3n de tanques RAS para tilapia en Santo Domingo Ecuador\" \/>\n<meta property=\"og:description\" content=\"Instalamos en Santo Domingo un sistema RAS, en funci\u00f3n de la dimensi\u00f3n para cultivo de tilapia. El inversionista adquiere los mejores equipos\" \/>\n<meta property=\"og:url\" content=\"https:\/\/tilapiacenter.com\/index\/tanque-familiar-tilapia-santo-domingo\/\" \/>\n<meta property=\"og:site_name\" content=\"TILAPIACENTER- Acuicultura Controlada\" \/>\n<meta property=\"article:publisher\" content=\"https:\/\/www.facebook.com\/tilapiacenterecuador\/\" \/>\n<meta property=\"og:image\" content=\"https:\/\/i0.wp.com\/tilapiacenter.com\/index\/wp-content\/uploads\/2020\/05\/CasosExito-KitFamiliar-StoDgo-3.jpg?fit=800%2C450&#038;ssl=1\" \/>\n\t<meta property=\"og:image:width\" content=\"800\" \/>\n\t<meta property=\"og:image:height\" content=\"450\" \/>\n\t<meta property=\"og:image:type\" content=\"image\/jpeg\" \/>\n<meta name=\"twitter:card\" content=\"summary_large_image\" \/>\n<meta name=\"twitter:site\" content=\"@tilapiacenter\" \/>\n<meta name=\"twitter:label1\" content=\"Tiempo de lectura\" \/>\n\t<meta name=\"twitter:data1\" content=\"1 minuto\" \/>\n<script type=\"application\/ld+json\" class=\"yoast-schema-graph\">{\"@context\":\"https:\/\/schema.org\",\"@graph\":[{\"@type\":\"WebSite\",\"@id\":\"https:\/\/tilapiacenter.com\/index\/#website\",\"url\":\"https:\/\/tilapiacenter.com\/index\/\",\"name\":\"TILAPIACENTER- Acuicultura Controlada\",\"description\":\"Equipos, Tecnolog\u00eda, asesor\u00eda y cursos en acuicultura tecnificada, para sistemas RAS y BIOFLOC, en el cultivo de camaron, tilapia, trucha en tanques en geomembrana.\",\"potentialAction\":[{\"@type\":\"SearchAction\",\"target\":{\"@type\":\"EntryPoint\",\"urlTemplate\":\"https:\/\/tilapiacenter.com\/index\/?s={search_term_string}\"},\"query-input\":\"required name=search_term_string\"}],\"inLanguage\":\"es\"},{\"@type\":\"ImageObject\",\"@id\":\"https:\/\/tilapiacenter.com\/index\/tanque-familiar-tilapia-santo-domingo\/#primaryimage\",\"inLanguage\":\"es\",\"url\":\"https:\/\/i0.wp.com\/tilapiacenter.com\/index\/wp-content\/uploads\/2020\/05\/CasosExito-KitFamiliar-StoDgo-3.jpg?fit=800%2C450&ssl=1\",\"contentUrl\":\"https:\/\/i0.wp.com\/tilapiacenter.com\/index\/wp-content\/uploads\/2020\/05\/CasosExito-KitFamiliar-StoDgo-3.jpg?fit=800%2C450&ssl=1\",\"width\":800,\"height\":450,\"caption\":\"Tanque familiar para tilapia intensivo\"},{\"@type\":\"WebPage\",\"@id\":\"https:\/\/tilapiacenter.com\/index\/tanque-familiar-tilapia-santo-domingo\/#webpage\",\"url\":\"https:\/\/tilapiacenter.com\/index\/tanque-familiar-tilapia-santo-domingo\/\",\"name\":\"Instalaci\u00f3n de tanques RAS para tilapia en Santo Domingo Ecuador\",\"isPartOf\":{\"@id\":\"https:\/\/tilapiacenter.com\/index\/#website\"},\"primaryImageOfPage\":{\"@id\":\"https:\/\/tilapiacenter.com\/index\/tanque-familiar-tilapia-santo-domingo\/#primaryimage\"},\"datePublished\":\"2020-05-23T00:13:42+00:00\",\"dateModified\":\"2020-05-23T00:13:42+00:00\",\"description\":\"Instalamos en Santo Domingo un sistema RAS, en funci\u00f3n de la dimensi\u00f3n para cultivo de tilapia. El inversionista adquiere los mejores equipos\",\"breadcrumb\":{\"@id\":\"https:\/\/tilapiacenter.com\/index\/tanque-familiar-tilapia-santo-domingo\/#breadcrumb\"},\"inLanguage\":\"es\",\"potentialAction\":[{\"@type\":\"ReadAction\",\"target\":[\"https:\/\/tilapiacenter.com\/index\/tanque-familiar-tilapia-santo-domingo\/\"]}]},{\"@type\":\"BreadcrumbList\",\"@id\":\"https:\/\/tilapiacenter.com\/index\/tanque-familiar-tilapia-santo-domingo\/#breadcrumb\",\"itemListElement\":[{\"@type\":\"ListItem\",\"position\":1,\"name\":\"Portada\",\"item\":\"https:\/\/tilapiacenter.com\/index\/\"},{\"@type\":\"ListItem\",\"position\":2,\"name\":\"M\u00f3dulo FAMILIAR ensamblado en Sto. Domingo de los Tsachilas &#8211; Ecuador\"}]}]}<\/script>\n<!-- \/ Yoast SEO plugin. -->","yoast_head_json":{"title":"Instalaci\u00f3n de tanques RAS para tilapia en Santo Domingo Ecuador","description":"Instalamos en Santo Domingo un sistema RAS, en funci\u00f3n de la dimensi\u00f3n para cultivo de tilapia. El inversionista adquiere los mejores equipos","robots":{"index":"index","follow":"follow","max-snippet":"max-snippet:-1","max-image-preview":"max-image-preview:large","max-video-preview":"max-video-preview:-1"},"canonical":"https:\/\/tilapiacenter.com\/index\/tanque-familiar-tilapia-santo-domingo\/","og_locale":"es_ES","og_type":"article","og_title":"Instalaci\u00f3n de tanques RAS para tilapia en Santo Domingo Ecuador","og_description":"Instalamos en Santo Domingo un sistema RAS, en funci\u00f3n de la dimensi\u00f3n para cultivo de tilapia. El inversionista adquiere los mejores equipos","og_url":"https:\/\/tilapiacenter.com\/index\/tanque-familiar-tilapia-santo-domingo\/","og_site_name":"TILAPIACENTER- Acuicultura Controlada","article_publisher":"https:\/\/www.facebook.com\/tilapiacenterecuador\/","og_image":[{"width":800,"height":450,"url":"https:\/\/i0.wp.com\/tilapiacenter.com\/index\/wp-content\/uploads\/2020\/05\/CasosExito-KitFamiliar-StoDgo-3.jpg?fit=800%2C450&ssl=1","type":"image\/jpeg"}],"twitter_card":"summary_large_image","twitter_site":"@tilapiacenter","twitter_misc":{"Tiempo de lectura":"1 minuto"},"schema":{"@context":"https:\/\/schema.org","@graph":[{"@type":"WebSite","@id":"https:\/\/tilapiacenter.com\/index\/#website","url":"https:\/\/tilapiacenter.com\/index\/","name":"TILAPIACENTER- Acuicultura Controlada","description":"Equipos, Tecnolog\u00eda, asesor\u00eda y cursos en acuicultura tecnificada, para sistemas RAS y BIOFLOC, en el cultivo de camaron, tilapia, trucha en tanques en geomembrana.","potentialAction":[{"@type":"SearchAction","target":{"@type":"EntryPoint","urlTemplate":"https:\/\/tilapiacenter.com\/index\/?s={search_term_string}"},"query-input":"required name=search_term_string"}],"inLanguage":"es"},{"@type":"ImageObject","@id":"https:\/\/tilapiacenter.com\/index\/tanque-familiar-tilapia-santo-domingo\/#primaryimage","inLanguage":"es","url":"https:\/\/i0.wp.com\/tilapiacenter.com\/index\/wp-content\/uploads\/2020\/05\/CasosExito-KitFamiliar-StoDgo-3.jpg?fit=800%2C450&ssl=1","contentUrl":"https:\/\/i0.wp.com\/tilapiacenter.com\/index\/wp-content\/uploads\/2020\/05\/CasosExito-KitFamiliar-StoDgo-3.jpg?fit=800%2C450&ssl=1","width":800,"height":450,"caption":"Tanque familiar para tilapia intensivo"},{"@type":"WebPage","@id":"https:\/\/tilapiacenter.com\/index\/tanque-familiar-tilapia-santo-domingo\/#webpage","url":"https:\/\/tilapiacenter.com\/index\/tanque-familiar-tilapia-santo-domingo\/","name":"Instalaci\u00f3n de tanques RAS para tilapia en Santo Domingo Ecuador","isPartOf":{"@id":"https:\/\/tilapiacenter.com\/index\/#website"},"primaryImageOfPage":{"@id":"https:\/\/tilapiacenter.com\/index\/tanque-familiar-tilapia-santo-domingo\/#primaryimage"},"datePublished":"2020-05-23T00:13:42+00:00","dateModified":"2020-05-23T00:13:42+00:00","description":"Instalamos en Santo Domingo un sistema RAS, en funci\u00f3n de la dimensi\u00f3n para cultivo de tilapia. El inversionista adquiere los mejores equipos","breadcrumb":{"@id":"https:\/\/tilapiacenter.com\/index\/tanque-familiar-tilapia-santo-domingo\/#breadcrumb"},"inLanguage":"es","potentialAction":[{"@type":"ReadAction","target":["https:\/\/tilapiacenter.com\/index\/tanque-familiar-tilapia-santo-domingo\/"]}]},{"@type":"BreadcrumbList","@id":"https:\/\/tilapiacenter.com\/index\/tanque-familiar-tilapia-santo-domingo\/#breadcrumb","itemListElement":[{"@type":"ListItem","position":1,"name":"Portada","item":"https:\/\/tilapiacenter.com\/index\/"},{"@type":"ListItem","position":2,"name":"M\u00f3dulo FAMILIAR ensamblado en Sto. Domingo de los Tsachilas &#8211; Ecuador"}]}]}},"jetpack_sharing_enabled":true,"jetpack_likes_enabled":true,"jetpack-related-posts":[{"id":3636,"url":"https:\/\/tilapiacenter.com\/index\/modulo-familiar-basico-cultivo-tilapia-camaron-tanques-geomembrana\/","url_meta":{"origin":3487,"position":0},"title":"M\u00f3dulos Tilmaron FAMILIAR \/ B\u00c1SICO para cultivo camar\u00f3n\/tilapia en tanques en geomembrana","date":"27 de mayo de 2020","format":false,"excerpt":"[vc_row][vc_column][vc_single_image image=\"3637\" img_size=\"full\" alignment=\"center\" parallax_scroll=\"no\"][vc_single_image image=\"3490\" img_size=\"full\" alignment=\"center\" parallax_scroll=\"no\"][vc_separator][\/vc_column][\/vc_row][vc_row][vc_column][\/vc_column][\/vc_row][vc_row][vc_column][vc_single_image image=\"4201\" img_size=\"full\" parallax_scroll=\"no\"][\/vc_column][\/vc_row][vc_row][vc_column][\/vc_column][\/vc_row]","rel":"","context":"En \u00abSISTEMAS FAMILIAR BASICOS\u00bb","img":{"alt_text":"Tanque familiar para tilapia intensivo","src":"https:\/\/i0.wp.com\/tilapiacenter.com\/index\/wp-content\/uploads\/2020\/05\/CasosExito-KitFamiliar-StoDgo-3.jpg?fit=800%2C450&ssl=1&resize=350%2C200","width":350,"height":200},"classes":[]},{"id":2981,"url":"https:\/\/tilapiacenter.com\/index\/a-about-factory-copy\/","url_meta":{"origin":3487,"position":1},"title":"Acerca Tilapiacenter","date":"8 de mayo de 2020","format":false,"excerpt":"[vc_row content_placement=\"middle\" css=\".vc_custom_1505555012006{margin-bottom: 5vh !important;}\"][vc_column offset=\"vc_col-md-6\"][vc_single_image image=\"3324\" img_size=\"full\" parallax_scroll=\"no\"][\/vc_column][vc_column woodmart_color_scheme=\"dark\" css=\".vc_custom_1505897347535{padding-top: 2vh !important;padding-bottom: 2vh !important;background-position: 0 0 !important;background-repeat: no-repeat !important;}\" offset=\"vc_col-md-6 vc_col-xs-12\"][vc_column_text text_larger=\"no\"] Sistemas Modulares de f\u00e1cil implementaci\u00f3n. Actualmente, hemos llevado exitosamente algunas instalaciones a la realidad, y esto nos ha servido para confirmar las propuestas iniciales y fortalecernos con\u2026","rel":"","context":"En \u00abQUIENES SOMOS (pg)\u00bb","img":{"alt_text":"","src":"","width":0,"height":0},"classes":[]},{"id":3275,"url":"https:\/\/tilapiacenter.com\/index\/tilapiacenter-soluciones-de-acuicultura-tecnificada-sistemas-ras\/","url_meta":{"origin":3487,"position":2},"title":"TILAPIACENTER soluciones de acuicultura tecnificada sistemas RAS","date":"14 de mayo de 2020","format":false,"excerpt":"[vc_row full_width=\"stretch_row\" el_class=\"opacity-video-bg\" css=\".vc_custom_1589566857109{margin-bottom: 8vh !important;padding-top: 32vh !important;padding-bottom: 25vh !important;background-image: url(https:\/\/greenyellow-okapi-692508.hostingersite.com\/index\/wp-content\/uploads\/2020\/05\/fondo-QuienesSomos3.jpg?id=3308) !important;background-position: center !important;background-repeat: no-repeat !important;background-size: cover !important;}\" mobile_bg_img_hidden=\"no\" tablet_bg_img_hidden=\"no\" woodmart_parallax=\"0\" woodmart_gradient_switch=\"no\" row_reverse_mobile=\"0\" row_reverse_tablet=\"0\" woodmart_disable_overflow=\"0\"][vc_column css=\".vc_custom_1499517305703{padding-top: 0px !important;}\" el_class=\"text-center\"][vc_custom_heading text=\"TILAPIACENTER S.A SOMOS INNOVACI\u00d3N EN EL AGRO\" font_container=\"tag:h5|font_size:16|text_align:center|color:rgba(255%2C255%2C255%2C0.8)\" use_theme_fonts=\"yes\" css=\".vc_custom_1591664368261{margin-bottom: 10px !important;}\" el_class=\"visible-lg\"][\/vc_column][\/vc_row][vc_row css=\".vc_custom_1499600383384{margin-bottom: 8vh !important;}\"][vc_column offset=\"vc_col-lg-offset-2 vc_col-lg-8 vc_col-md-offset-2 vc_col-md-8 vc_col-sm-offset-0\"\u2026","rel":"","context":"En \u00abQUIENES SOMOS (pg)\u00bb","img":{"alt_text":"","src":"","width":0,"height":0},"classes":[]},{"id":1309,"url":"https:\/\/tilapiacenter.com\/index\/track-order\/","url_meta":{"origin":3487,"position":3},"title":"Track order","date":"11 de enero de 2018","format":false,"excerpt":"[vc_row full_width=\"stretch_row\" css=\".vc_custom_1515665484102{margin-bottom: 8vh !important;padding-top: 20vh !important;padding-bottom: 16vh !important;background-image: url(http:\/\/dummy.xtemos.com\/woodmart\/demos\/wp-content\/uploads\/sites\/2\/2017\/06\/wood-main-dark-bg.jpg?id=246) !important;}\"][vc_column woodmart_color_scheme=\"light\" offset=\"vc_col-lg-offset-2 vc_col-lg-8\"][\/vc_column][\/vc_row][vc_row css=\".vc_custom_1497900090238{margin-right: -40px !important;margin-bottom: 5vh !important;margin-left: -40px !important;}\"][vc_column width=\"1\/3\" css=\".vc_custom_1497899693264{padding-top: 0px !important;padding-right: 40px !important;padding-left: 40px !important;}\"][\/vc_column][vc_column width=\"1\/3\" css=\".vc_custom_1497899686135{padding-top: 0px !important;padding-right: 40px !important;padding-left: 40px !important;}\"][\/vc_column][vc_column width=\"1\/3\" css=\".vc_custom_1497899679300{padding-top: 0px !important;padding-right: 40px !important;padding-left: 40px !important;}\"][\/vc_column][\/vc_row][vc_row css=\".vc_custom_1497900098982{margin-bottom: 8vh !important;}\"][vc_column][vc_separator color=\"custom\" accent_color=\"rgba(129,129,129,0.2)\"\u2026","rel":"","context":"Entrada similar","img":{"alt_text":"","src":"","width":0,"height":0},"classes":[]},{"id":3449,"url":"https:\/\/tilapiacenter.com\/index\/tanques-geomembrana-instalado-ibarra-ecuador\/","url_meta":{"origin":3487,"position":4},"title":"Instalado tanques geomembrana de piscicultura controlada  en IBARRA &#8211; Ecuador","date":"22 de mayo de 2020","format":false,"excerpt":"[vc_row][vc_column][vc_column_text text_larger=\"no\"]Instalaci\u00f3n piscigranja para cultivo de tilapia roja en estanque en geomembrana, en Ibarra, \u00e1rea urbana. Instalaci\u00f3n con recirculaci\u00f3n y captaci\u00f3n TILAPIACENTER[\/vc_column_text][\/vc_column][\/vc_row][vc_row][vc_column][vc_video link=\"https:\/\/www.youtube.com\/watch?v=qL-PdxrwK4g&feature=\" image_poster_switch=\"no\"][\/vc_column][\/vc_row][vc_row][vc_column][vc_single_image image=\"3450\" img_size=\"full\" alignment=\"center\" parallax_scroll=\"no\"][vc_single_image image=\"3451\" img_size=\"full\" alignment=\"center\" parallax_scroll=\"no\"][vc_single_image image=\"3452\" img_size=\"full\" alignment=\"center\" parallax_scroll=\"no\"][vc_single_image image=\"3453\" img_size=\"full\" alignment=\"center\" parallax_scroll=\"no\"][vc_single_image image=\"3454\" img_size=\"full\" alignment=\"center\" parallax_scroll=\"no\"][vc_single_image image=\"3455\" img_size=\"full\" alignment=\"center\" parallax_scroll=\"no\"][vc_single_image image=\"3456\" img_size=\"full\"\u2026","rel":"","context":"En \u00abCASOS DE EXITO (Pg)\u00bb","img":{"alt_text":"Instalaci\u00f3n piscigranja para cultivo de tilapia roja en estanque en geomembrana, en Ibarra, \u00e1rea urbana. Instalaci\u00f3n con recirculaci\u00f3n y captaci\u00f3n TILAPIACENTER","src":"https:\/\/i0.wp.com\/tilapiacenter.com\/index\/wp-content\/uploads\/2020\/05\/CasosExito-Ibarra12.jpg?fit=800%2C450&ssl=1&resize=350%2C200","width":350,"height":200},"classes":[]},{"id":3443,"url":"https:\/\/tilapiacenter.com\/index\/tilapiacenter-en-expogan-2015-cultivo-tilapia-en-ambiente-controlado\/","url_meta":{"origin":3487,"position":5},"title":"Tilapiacenter en EXPOGAN 2015 , cultivo tilapia en ambiente controlado","date":"22 de mayo de 2020","format":false,"excerpt":"[vc_row][vc_column][vc_column_text text_larger=\"no\"]En Santo Domingo de los Ts\u00e1chilas, Tilapiacenter llev\u00f3 a exposici\u00f3n del modelo de desarrollo acu\u00edcola en sistema de tanques circulares en geomembrana. Hubo una buena acogida de los visitantes, que se maravillaban al ver la tilapia roja en crecimiento, en ambiente controlado. [\/vc_column_text][\/vc_column][\/vc_row][vc_row][vc_column][\/vc_column][\/vc_row][vc_row][vc_column][vc_single_image image=\"3444\" img_size=\"full\" alignment=\"center\" parallax_scroll=\"no\"][vc_single_image image=\"3446\" img_size=\"full\"\u2026","rel":"","context":"En \u00abCASOS DE EXITO (Pg)\u00bb","img":{"alt_text":"Tilapiacenter exposici\u00f3n Expogan Santo domingo Tsachilas","src":"https:\/\/i0.wp.com\/tilapiacenter.com\/index\/wp-content\/uploads\/2020\/05\/CasosExito-expogan1.jpg?fit=1024%2C576&ssl=1&resize=350%2C200","width":350,"height":200},"classes":[]}],"post_mailing_queue_ids":[],"_links":{"self":[{"href":"https:\/\/tilapiacenter.com\/index\/wp-json\/wp\/v2\/pages\/3487","targetHints":{"allow":["GET"]}}],"collection":[{"href":"https:\/\/tilapiacenter.com\/index\/wp-json\/wp\/v2\/pages"}],"about":[{"href":"https:\/\/tilapiacenter.com\/index\/wp-json\/wp\/v2\/types\/page"}],"author":[{"embeddable":true,"href":"https:\/\/tilapiacenter.com\/index\/wp-json\/wp\/v2\/users\/1"}],"replies":[{"embeddable":true,"href":"https:\/\/tilapiacenter.com\/index\/wp-json\/wp\/v2\/comments?post=3487"}],"version-history":[{"count":1,"href":"https:\/\/tilapiacenter.com\/index\/wp-json\/wp\/v2\/pages\/3487\/revisions"}],"predecessor-version":[{"id":3491,"href":"https:\/\/tilapiacenter.com\/index\/wp-json\/wp\/v2\/pages\/3487\/revisions\/3491"}],"wp:featuredmedia":[{"embeddable":true,"href":"https:\/\/tilapiacenter.com\/index\/wp-json\/wp\/v2\/media\/3490"}],"wp:attachment":[{"href":"https:\/\/tilapiacenter.com\/index\/wp-json\/wp\/v2\/media?parent=3487"}],"wp:term":[{"taxonomy":"category","embeddable":true,"href":"https:\/\/tilapiacenter.com\/index\/wp-json\/wp\/v2\/categories?post=3487"},{"taxonomy":"post_tag","embeddable":true,"href":"https:\/\/tilapiacenter.com\/index\/wp-json\/wp\/v2\/tags?post=3487"}],"curies":[{"name":"wp","href":"https:\/\/api.w.org\/{rel}","templated":true}]}}